Last updated on 2022-08-15 08:50:07 CEST.
Flavor | Version | Tinstall | Tcheck | Ttotal | Status | Flags |
---|---|---|---|---|---|---|
r-devel-linux-x86_64-debian-clang | 0.2.4 | 4.39 | 45.19 | 49.58 | OK | |
r-devel-linux-x86_64-debian-gcc | 0.2.4 | 3.37 | 33.70 | 37.07 | OK | |
r-devel-linux-x86_64-fedora-clang | 0.2.4 | 70.73 | NOTE | |||
r-devel-linux-x86_64-fedora-gcc | 0.2.4 | 68.20 | NOTE | |||
r-devel-windows-x86_64 | 0.2.4 | 17.00 | 73.00 | 90.00 | OK | |
r-patched-linux-x86_64 | 0.2.4 | 4.26 | 43.07 | 47.33 | OK | |
r-release-linux-x86_64 | 0.2.4 | 4.01 | 43.07 | 47.08 | OK | |
r-release-macos-arm64 | 0.2.4 | 23.00 | NOTE | |||
r-release-macos-x86_64 | 0.2.4 | 33.00 | NOTE | |||
r-release-windows-x86_64 | 0.2.4 | 23.00 | 70.00 | 93.00 | OK | |
r-oldrel-macos-arm64 | 0.2.4 | 22.00 | NOTE | |||
r-oldrel-macos-x86_64 | 0.2.4 | 31.00 | NOTE | |||
r-oldrel-windows-ix86+x86_64 | 0.2.4 | 11.00 | 64.00 | 75.00 | OK |
Version: 0.2.4
Check: data for non-ASCII characters
Result: NOTE
Note: found 4250 marked UTF-8 strings
Flavors: r-devel-linux-x86_64-fedora-clang, r-devel-linux-x86_64-fedora-gcc, r-release-macos-arm64, r-release-macos-x86_64, r-oldrel-macos-arm64, r-oldrel-macos-x86_64