Last updated on 2022-08-15 08:50:07 CEST.
Flavor | Version | Tinstall | Tcheck | Ttotal | Status | Flags |
---|---|---|---|---|---|---|
r-devel-linux-x86_64-debian-clang | 1.3-6 | 13.06 | 151.26 | 164.32 | NOTE | |
r-devel-linux-x86_64-debian-gcc | 1.3-6 | 9.53 | 112.99 | 122.52 | NOTE | |
r-devel-linux-x86_64-fedora-clang | 1.3-6 | 202.10 | NOTE | |||
r-devel-linux-x86_64-fedora-gcc | 1.3-6 | 216.21 | NOTE | |||
r-devel-windows-x86_64 | 1.3-6 | 53.00 | 249.00 | 302.00 | NOTE | |
r-patched-linux-x86_64 | 1.3-6 | 12.11 | 142.54 | 154.65 | OK | |
r-release-linux-x86_64 | 1.3-6 | 9.30 | 140.32 | 149.62 | OK | |
r-release-macos-arm64 | 1.3-6 | 66.00 | OK | |||
r-release-macos-x86_64 | 1.3-6 | 124.00 | OK | |||
r-release-windows-x86_64 | 1.3-6 | 48.00 | 239.00 | 287.00 | OK | |
r-oldrel-macos-arm64 | 1.3-6 | 81.00 | OK | |||
r-oldrel-macos-x86_64 | 1.3-6 | 127.00 | OK | |||
r-oldrel-windows-ix86+x86_64 | 1.3-6 | 70.00 | 218.00 | 288.00 | OK |
Version: 1.3-6
Check: Rd files
Result: NOTE
checkRd: (-1) mapBubbles.Rd:62: Escaped LaTeX specials: \$
Flavors: r-devel-linux-x86_64-debian-clang, r-devel-linux-x86_64-debian-gcc, r-devel-linux-x86_64-fedora-clang, r-devel-linux-x86_64-fedora-gcc, r-devel-windows-x86_64