Last updated on 2022-08-15 08:50:07 CEST.
Flavor | Version | Tinstall | Tcheck | Ttotal | Status | Flags |
---|---|---|---|---|---|---|
r-devel-linux-x86_64-debian-clang | 0.2.8 | 114.44 | 32.23 | 146.67 | OK | |
r-devel-linux-x86_64-debian-gcc | 0.2.8 | 89.59 | 24.42 | 114.01 | OK | |
r-devel-linux-x86_64-fedora-clang | 0.2.8 | 235.65 | OK | |||
r-devel-linux-x86_64-fedora-gcc | 0.2.8 | 212.92 | OK | |||
r-devel-windows-x86_64 | 0.2.8 | 125.00 | 84.00 | 209.00 | OK | |
r-patched-linux-x86_64 | 0.2.8 | 98.03 | 30.78 | 128.81 | OK | |
r-release-linux-x86_64 | 0.2.8 | 99.08 | 31.07 | 130.15 | OK | |
r-release-macos-arm64 | 0.2.8 | 55.00 | NOTE | |||
r-release-macos-x86_64 | 0.2.8 | 71.00 | NOTE | |||
r-release-windows-x86_64 | 0.2.8 | 231.00 | 82.00 | 313.00 | OK | |
r-oldrel-macos-arm64 | 0.2.8 | 57.00 | NOTE | |||
r-oldrel-macos-x86_64 | 0.2.8 | 70.00 | NOTE | |||
r-oldrel-windows-ix86+x86_64 | 0.2.8 | 220.00 | 83.00 | 303.00 | OK |
Version: 0.2.8
Check: installed package size
Result: NOTE
installed size is 9.6Mb
sub-directories of 1Mb or more:
libs 9.2Mb
Flavors: r-release-macos-arm64, r-release-macos-x86_64, r-oldrel-macos-arm64, r-oldrel-macos-x86_64