Last updated on 2022-08-15 08:50:07 CEST.
Flavor | Version | Tinstall | Tcheck | Ttotal | Status | Flags |
---|---|---|---|---|---|---|
r-devel-linux-x86_64-debian-clang | 3.6.0 | 8.47 | 80.72 | 89.19 | OK | |
r-devel-linux-x86_64-debian-gcc | 3.6.0 | 7.65 | 59.46 | 67.11 | OK | |
r-devel-linux-x86_64-fedora-clang | 3.6.0 | 119.09 | NOTE | |||
r-devel-linux-x86_64-fedora-gcc | 3.6.0 | 114.23 | OK | |||
r-devel-windows-x86_64 | 3.6.0 | 15.00 | 115.00 | 130.00 | OK | |
r-patched-linux-x86_64 | 3.6.0 | 11.03 | 75.24 | 86.27 | OK | |
r-release-linux-x86_64 | 3.6.0 | 10.77 | 75.95 | 86.72 | OK | |
r-release-macos-arm64 | 3.6.0 | 57.00 | OK | |||
r-release-macos-x86_64 | 3.6.0 | 88.00 | OK | |||
r-release-windows-x86_64 | 3.6.0 | 81.00 | 115.00 | 196.00 | OK | |
r-oldrel-macos-arm64 | 3.6.0 | 39.00 | OK | |||
r-oldrel-macos-x86_64 | 3.6.0 | 55.00 | OK | |||
r-oldrel-windows-ix86+x86_64 | 3.6.0 | 22.00 | 105.00 | 127.00 | OK |
Version: 3.6.0
Check: Rd cross-references
Result: NOTE
Undeclared package ‘rym’ in Rd xrefs
Flavor: r-devel-linux-x86_64-fedora-clang