Last updated on 2022-08-15 08:50:07 CEST.
Flavor | Version | Tinstall | Tcheck | Ttotal | Status | Flags |
---|---|---|---|---|---|---|
r-devel-linux-x86_64-debian-clang | 0.2.0 | 23.30 | 191.30 | 214.60 | OK | |
r-devel-linux-x86_64-debian-gcc | 0.2.0 | 17.41 | 138.68 | 156.09 | OK | |
r-devel-linux-x86_64-fedora-clang | 0.2.0 | 267.00 | NOTE | |||
r-devel-linux-x86_64-fedora-gcc | 0.2.0 | 261.51 | NOTE | |||
r-devel-windows-x86_64 | 0.2.0 | 37.00 | 264.00 | 301.00 | OK | |
r-patched-linux-x86_64 | 0.2.0 | 17.98 | 183.42 | 201.40 | OK | |
r-release-linux-x86_64 | 0.2.0 | 17.34 | 182.24 | 199.58 | OK | |
r-release-macos-arm64 | 0.2.0 | 77.00 | OK | |||
r-release-macos-x86_64 | 0.2.0 | 95.00 | OK | |||
r-release-windows-x86_64 | 0.2.0 | 44.00 | 265.00 | 309.00 | OK | |
r-oldrel-macos-arm64 | 0.2.0 | 81.00 | OK | |||
r-oldrel-macos-x86_64 | 0.2.0 | 125.00 | OK | |||
r-oldrel-windows-ix86+x86_64 | 0.2.0 | 50.00 | 120.00 | 170.00 | OK |
Version: 0.2.0
Check: compiled code
Result: NOTE
File ‘sBIC/libs/sBIC.so’:
Found no calls to: ‘R_registerRoutines’, ‘R_useDynamicSymbols’
It is good practice to register native routines and to disable symbol
search.
See ‘Writing portable packages’ in the ‘Writing R Extensions’ manual.
Flavors: r-devel-linux-x86_64-fedora-clang, r-devel-linux-x86_64-fedora-gcc