Last updated on 2022-08-15 08:50:08 CEST.
Flavor | Version | Tinstall | Tcheck | Ttotal | Status | Flags |
---|---|---|---|---|---|---|
r-devel-linux-x86_64-debian-clang | 0.3.0 | 6.20 | 655.46 | 661.66 | NOTE | |
r-devel-linux-x86_64-debian-gcc | 0.3.0 | 5.32 | 405.94 | 411.26 | NOTE | |
r-devel-linux-x86_64-fedora-clang | 0.3.0 | 708.42 | NOTE | |||
r-devel-linux-x86_64-fedora-gcc | 0.3.0 | 740.70 | NOTE | |||
r-devel-windows-x86_64 | 0.3.0 | 15.00 | 538.00 | 553.00 | NOTE | |
r-patched-linux-x86_64 | 0.3.0 | 4.20 | 588.28 | 592.48 | NOTE | |
r-release-linux-x86_64 | 0.3.0 | 4.33 | 585.45 | 589.78 | NOTE | |
r-release-macos-arm64 | 0.3.0 | 147.00 | NOTE | |||
r-release-macos-x86_64 | 0.3.0 | 258.00 | NOTE | |||
r-release-windows-x86_64 | 0.3.0 | 14.00 | 549.00 | 563.00 | NOTE | |
r-oldrel-macos-arm64 | 0.3.0 | 224.00 | NOTE | |||
r-oldrel-macos-x86_64 | 0.3.0 | 289.00 | NOTE | |||
r-oldrel-windows-ix86+x86_64 | 0.3.0 | 17.00 | 686.00 | 703.00 | NOTE |
Version: 0.3.0
Check: LazyData
Result: NOTE
'LazyData' is specified without a 'data' directory
Flavors: r-devel-linux-x86_64-debian-clang, r-devel-linux-x86_64-debian-gcc, r-devel-linux-x86_64-fedora-clang, r-devel-linux-x86_64-fedora-gcc, r-devel-windows-x86_64, r-patched-linux-x86_64, r-release-linux-x86_64, r-release-macos-arm64, r-release-macos-x86_64, r-release-windows-x86_64, r-oldrel-macos-arm64, r-oldrel-macos-x86_64, r-oldrel-windows-ix86+x86_64