Last updated on 2022-08-15 08:50:07 CEST.
Flavor | Version | Tinstall | Tcheck | Ttotal | Status | Flags |
---|---|---|---|---|---|---|
r-devel-linux-x86_64-debian-clang | 0.2.1 | 9.82 | 54.07 | 63.89 | OK | |
r-devel-linux-x86_64-debian-gcc | 0.2.1 | 7.05 | 40.77 | 47.82 | OK | |
r-devel-linux-x86_64-fedora-clang | 0.2.1 | 84.37 | NOTE | |||
r-devel-linux-x86_64-fedora-gcc | 0.2.1 | 83.29 | NOTE | |||
r-devel-windows-x86_64 | 0.2.1 | 15.00 | 79.00 | 94.00 | OK | |
r-patched-linux-x86_64 | 0.2.1 | 8.25 | 49.88 | 58.13 | OK | |
r-release-linux-x86_64 | 0.2.1 | 8.76 | 49.28 | 58.04 | OK | |
r-release-macos-arm64 | 0.2.1 | 25.00 | NOTE | |||
r-release-macos-x86_64 | 0.2.1 | 35.00 | NOTE | |||
r-release-windows-x86_64 | 0.2.1 | 18.00 | 78.00 | 96.00 | OK | |
r-oldrel-macos-arm64 | 0.2.1 | 29.00 | NOTE | |||
r-oldrel-macos-x86_64 | 0.2.1 | 37.00 | NOTE | |||
r-oldrel-windows-ix86+x86_64 | 0.2.1 | 16.00 | 72.00 | 88.00 | OK |
Version: 0.2.1
Check: dependencies in R code
Result: NOTE
Namespaces in Imports field not imported from:
‘CARBayesdata’ ‘MASS’ ‘nimble’
All declared Imports should be used.
Flavors: r-devel-linux-x86_64-fedora-clang, r-devel-linux-x86_64-fedora-gcc, r-release-macos-arm64, r-release-macos-x86_64, r-oldrel-macos-arm64, r-oldrel-macos-x86_64