Last updated on 2022-08-15 08:50:07 CEST.
Flavor | Version | Tinstall | Tcheck | Ttotal | Status | Flags |
---|---|---|---|---|---|---|
r-devel-linux-x86_64-debian-clang | 0.1.1 | 3.28 | 68.81 | 72.09 | OK | |
r-devel-linux-x86_64-debian-gcc | 0.1.1 | 2.39 | 52.54 | 54.93 | OK | |
r-devel-linux-x86_64-fedora-clang | 0.1.1 | 95.93 | OK | |||
r-devel-linux-x86_64-fedora-gcc | 0.1.1 | 94.04 | OK | |||
r-devel-windows-x86_64 | 0.1.1 | 14.00 | 93.00 | 107.00 | OK | |
r-patched-linux-x86_64 | 0.1.1 | 3.11 | 64.75 | 67.86 | OK | |
r-release-linux-x86_64 | 0.1.1 | 3.13 | 64.38 | 67.51 | OK | |
r-release-macos-arm64 | 0.1.1 | 27.00 | OK | |||
r-release-macos-x86_64 | 0.1.1 | 43.00 | NOTE | |||
r-release-windows-x86_64 | 0.1.1 | 12.00 | 90.00 | 102.00 | OK | |
r-oldrel-macos-arm64 | 0.1.1 | 27.00 | OK | |||
r-oldrel-macos-x86_64 | 0.1.1 | 43.00 | OK | |||
r-oldrel-windows-ix86+x86_64 | 0.1.1 | 7.00 | 82.00 | 89.00 | OK |
Version: 0.1.1
Check: package dependencies
Result: NOTE
Package suggested but not available for checking: ‘saeHB’
Flavor: r-release-macos-x86_64