Last updated on 2022-08-15 08:50:07 CEST.
Flavor | Version | Tinstall | Tcheck | Ttotal | Status | Flags |
---|---|---|---|---|---|---|
r-devel-linux-x86_64-debian-clang | 1.0 | 71.34 | 80.57 | 151.91 | OK | |
r-devel-linux-x86_64-debian-gcc | 1.0 | 56.50 | 61.21 | 117.71 | OK | |
r-devel-linux-x86_64-fedora-clang | 1.0 | 201.39 | OK | |||
r-devel-linux-x86_64-fedora-gcc | 1.0 | 194.16 | OK | |||
r-devel-windows-x86_64 | 1.0 | 57.00 | 109.00 | 166.00 | OK | |
r-patched-linux-x86_64 | 1.0 | 55.55 | 77.95 | 133.50 | OK | |
r-release-linux-x86_64 | 1.0 | 54.42 | 77.50 | 131.92 | OK | |
r-release-macos-arm64 | 1.0 | 51.00 | NOTE | |||
r-release-macos-x86_64 | 1.0 | 67.00 | NOTE | |||
r-release-windows-x86_64 | 1.0 | 63.00 | 125.00 | 188.00 | OK | |
r-oldrel-macos-arm64 | 1.0 | 50.00 | NOTE | |||
r-oldrel-macos-x86_64 | 1.0 | 65.00 | NOTE | |||
r-oldrel-windows-ix86+x86_64 | 1.0 | 143.00 | 150.00 | 293.00 | OK |
Version: 1.0
Check: installed package size
Result: NOTE
installed size is 7.3Mb
sub-directories of 1Mb or more:
libs 7.2Mb
Flavors: r-release-macos-arm64, r-release-macos-x86_64, r-oldrel-macos-arm64, r-oldrel-macos-x86_64