Last updated on 2022-08-15 08:50:07 CEST.
Flavor | Version | Tinstall | Tcheck | Ttotal | Status | Flags |
---|---|---|---|---|---|---|
r-devel-linux-x86_64-debian-clang | 1.0.0 | 48.40 | 417.94 | 466.34 | OK | |
r-devel-linux-x86_64-debian-gcc | 1.0.0 | 41.04 | 309.48 | 350.52 | OK | |
r-devel-linux-x86_64-fedora-clang | 1.0.0 | 557.06 | NOTE | |||
r-devel-linux-x86_64-fedora-gcc | 1.0.0 | 579.73 | NOTE | |||
r-devel-windows-x86_64 | 1.0.0 | 69.00 | 409.00 | 478.00 | OK | |
r-patched-linux-x86_64 | 1.0.0 | 55.65 | 399.86 | 455.51 | OK | |
r-release-linux-x86_64 | 1.0.0 | 35.51 | 400.20 | 435.71 | OK | |
r-release-macos-arm64 | 1.0.0 | 125.00 | NOTE | |||
r-release-macos-x86_64 | 1.0.0 | 172.00 | NOTE | |||
r-release-windows-x86_64 | 1.0.0 | 67.00 | 399.00 | 466.00 | OK | |
r-oldrel-macos-arm64 | 1.0.0 | 100.00 | NOTE | |||
r-oldrel-macos-x86_64 | 1.0.0 | 161.00 | NOTE | |||
r-oldrel-windows-ix86+x86_64 | 1.0.0 | 100.00 | 425.00 | 525.00 | OK |
Version: 1.0.0
Check: data for non-ASCII characters
Result: NOTE
Note: found 63 marked Latin-1 strings
Flavors: r-devel-linux-x86_64-fedora-clang, r-devel-linux-x86_64-fedora-gcc, r-release-macos-arm64, r-release-macos-x86_64, r-oldrel-macos-arm64, r-oldrel-macos-x86_64