Last updated on 2022-08-15 08:50:07 CEST.
Flavor | Version | Tinstall | Tcheck | Ttotal | Status | Flags |
---|---|---|---|---|---|---|
r-devel-linux-x86_64-debian-clang | 0.0.1 | 110.92 | 67.33 | 178.25 | OK | |
r-devel-linux-x86_64-debian-gcc | 0.0.1 | 95.71 | 54.96 | 150.67 | OK | |
r-devel-linux-x86_64-fedora-clang | 0.0.1 | 238.53 | OK | |||
r-devel-linux-x86_64-fedora-gcc | 0.0.1 | 249.32 | OK | |||
r-devel-windows-x86_64 | 0.0.1 | 86.00 | 112.00 | 198.00 | OK | |
r-patched-linux-x86_64 | 0.0.1 | 106.78 | 67.47 | 174.25 | OK | |
r-release-linux-x86_64 | 0.0.1 | 107.33 | 68.23 | 175.56 | OK | |
r-release-macos-arm64 | 0.0.1 | 66.00 | NOTE | |||
r-release-macos-x86_64 | 0.0.1 | 82.00 | NOTE | |||
r-release-windows-x86_64 | 0.0.1 | 79.00 | 111.00 | 190.00 | OK | |
r-oldrel-macos-arm64 | 0.0.1 | 74.00 | NOTE | |||
r-oldrel-macos-x86_64 | 0.0.1 | 125.00 | NOTE | |||
r-oldrel-windows-ix86+x86_64 | 0.0.1 | 246.00 | 126.00 | 372.00 | OK |
Version: 0.0.1
Check: installed package size
Result: NOTE
installed size is 23.1Mb
sub-directories of 1Mb or more:
libs 23.0Mb
Flavors: r-release-macos-arm64, r-release-macos-x86_64, r-oldrel-macos-arm64, r-oldrel-macos-x86_64