Last updated on 2022-08-15 08:50:07 CEST.
Flavor | Version | Tinstall | Tcheck | Ttotal | Status | Flags |
---|---|---|---|---|---|---|
r-devel-linux-x86_64-debian-clang | 1.2.3 | 7.83 | 203.30 | 211.13 | OK | |
r-devel-linux-x86_64-debian-gcc | 1.2.3 | 6.62 | 146.78 | 153.40 | OK | |
r-devel-linux-x86_64-fedora-clang | 1.2.3 | 246.06 | NOTE | |||
r-devel-linux-x86_64-fedora-gcc | 1.2.3 | 242.98 | NOTE | |||
r-devel-windows-x86_64 | 1.2.3 | 49.00 | 234.00 | 283.00 | OK | |
r-patched-linux-x86_64 | 1.2.3 | 7.52 | 190.50 | 198.02 | OK | |
r-release-linux-x86_64 | 1.2.3 | 5.99 | 190.39 | 196.38 | OK | |
r-release-macos-arm64 | 1.2.3 | 94.00 | NOTE | |||
r-release-macos-x86_64 | 1.2.3 | 108.00 | NOTE | |||
r-release-windows-x86_64 | 1.2.3 | 40.00 | 233.00 | 273.00 | OK | |
r-oldrel-macos-arm64 | 1.2.3 | 90.00 | NOTE | |||
r-oldrel-macos-x86_64 | 1.2.3 | 114.00 | NOTE | |||
r-oldrel-windows-ix86+x86_64 | 1.2.3 | 18.00 | 245.00 | 263.00 | OK |
Version: 1.2.3
Check: dependencies in R code
Result: NOTE
Namespaces in Imports field not imported from:
‘DT’ ‘gridExtra’
All declared Imports should be used.
Flavors: r-devel-linux-x86_64-fedora-clang, r-devel-linux-x86_64-fedora-gcc, r-release-macos-arm64, r-release-macos-x86_64, r-oldrel-macos-arm64, r-oldrel-macos-x86_64