Last updated on 2022-08-15 08:50:07 CEST.
Flavor | Version | Tinstall | Tcheck | Ttotal | Status | Flags |
---|---|---|---|---|---|---|
r-devel-linux-x86_64-debian-clang | 0.2.0 | 2.17 | 24.50 | 26.67 | NOTE | |
r-devel-linux-x86_64-debian-gcc | 0.2.0 | 1.34 | 18.97 | 20.31 | NOTE | |
r-devel-linux-x86_64-fedora-clang | 0.2.0 | 42.89 | NOTE | |||
r-devel-linux-x86_64-fedora-gcc | 0.2.0 | 41.99 | NOTE | |||
r-devel-windows-x86_64 | 0.2.0 | 8.00 | 51.00 | 59.00 | NOTE | |
r-patched-linux-x86_64 | 0.2.0 | 1.76 | 23.53 | 25.29 | NOTE | |
r-release-linux-x86_64 | 0.2.0 | 1.65 | 23.62 | 25.27 | NOTE | |
r-release-macos-arm64 | 0.2.0 | 14.00 | NOTE | |||
r-release-macos-x86_64 | 0.2.0 | 21.00 | NOTE | |||
r-release-windows-x86_64 | 0.2.0 | 9.00 | 51.00 | 60.00 | NOTE | |
r-oldrel-macos-arm64 | 0.2.0 | 17.00 | NOTE | |||
r-oldrel-macos-x86_64 | 0.2.0 | 26.00 | NOTE | |||
r-oldrel-windows-ix86+x86_64 | 0.2.0 | 5.00 | 39.00 | 44.00 | NOTE |
Version: 0.2.0
Check: LazyData
Result: NOTE
'LazyData' is specified without a 'data' directory
Flavors: r-devel-linux-x86_64-debian-clang, r-devel-linux-x86_64-debian-gcc, r-devel-linux-x86_64-fedora-clang, r-devel-linux-x86_64-fedora-gcc, r-devel-windows-x86_64, r-patched-linux-x86_64, r-release-linux-x86_64, r-release-macos-arm64, r-release-macos-x86_64, r-release-windows-x86_64, r-oldrel-macos-arm64, r-oldrel-macos-x86_64, r-oldrel-windows-ix86+x86_64