Last updated on 2022-08-15 08:50:07 CEST.
Flavor | Version | Tinstall | Tcheck | Ttotal | Status | Flags |
---|---|---|---|---|---|---|
r-devel-linux-x86_64-debian-clang | 0.9.1 | 79.97 | 308.37 | 388.34 | NOTE | |
r-devel-linux-x86_64-debian-gcc | 0.9.1 | 56.00 | 224.63 | 280.63 | NOTE | |
r-devel-linux-x86_64-fedora-clang | 0.9.1 | 491.60 | NOTE | |||
r-devel-linux-x86_64-fedora-gcc | 0.9.1 | 511.29 | NOTE | |||
r-devel-windows-x86_64 | 0.9.1 | 100.00 | 365.00 | 465.00 | OK | |
r-patched-linux-x86_64 | 0.9.1 | 69.21 | 304.97 | 374.18 | NOTE | |
r-release-linux-x86_64 | 0.9.1 | 65.41 | 303.95 | 369.36 | NOTE | |
r-release-macos-arm64 | 0.9.1 | 117.00 | OK | |||
r-release-macos-x86_64 | 0.9.1 | 161.00 | NOTE | |||
r-release-windows-x86_64 | 0.9.1 | 105.00 | 268.00 | 373.00 | OK | |
r-oldrel-macos-arm64 | 0.9.1 | 105.00 | OK | |||
r-oldrel-macos-x86_64 | 0.9.1 | 159.00 | OK | |||
r-oldrel-windows-ix86+x86_64 | 0.9.1 | 142.00 | 482.00 | 624.00 | OK |
Version: 0.9.1
Check: package dependencies
Result: NOTE
Package suggested but not available for checking: 'FitARMA'
Flavors: r-devel-linux-x86_64-debian-clang, r-devel-linux-x86_64-debian-gcc, r-devel-linux-x86_64-fedora-clang, r-devel-linux-x86_64-fedora-gcc, r-patched-linux-x86_64, r-release-linux-x86_64, r-release-macos-x86_64