Last updated on 2022-08-15 08:50:07 CEST.
Flavor | Version | Tinstall | Tcheck | Ttotal | Status | Flags |
---|---|---|---|---|---|---|
r-devel-linux-x86_64-debian-clang | 1.0.0 | 5.09 | 42.34 | 47.43 | OK | |
r-devel-linux-x86_64-debian-gcc | 1.0.0 | 3.90 | 32.47 | 36.37 | OK | |
r-devel-linux-x86_64-fedora-clang | 1.0.0 | 67.46 | NOTE | |||
r-devel-linux-x86_64-fedora-gcc | 1.0.0 | 65.46 | NOTE | |||
r-devel-windows-x86_64 | 1.0.0 | 14.00 | 67.00 | 81.00 | OK | |
r-patched-linux-x86_64 | 1.0.0 | 3.29 | 39.82 | 43.11 | OK | |
r-release-linux-x86_64 | 1.0.0 | 3.42 | 40.21 | 43.63 | OK | |
r-release-macos-arm64 | 1.0.0 | 20.00 | NOTE | |||
r-release-macos-x86_64 | 1.0.0 | 43.00 | NOTE | |||
r-release-windows-x86_64 | 1.0.0 | 18.00 | 65.00 | 83.00 | OK | |
r-oldrel-macos-arm64 | 1.0.0 | 27.00 | NOTE | |||
r-oldrel-macos-x86_64 | 1.0.0 | 29.00 | NOTE | |||
r-oldrel-windows-ix86+x86_64 | 1.0.0 | 11.00 | 58.00 | 69.00 | OK |
Version: 1.0.0
Check: dependencies in R code
Result: NOTE
Namespace in Imports field not imported from: ‘stringi’
All declared Imports should be used.
Flavors: r-devel-linux-x86_64-fedora-clang, r-devel-linux-x86_64-fedora-gcc, r-release-macos-arm64, r-release-macos-x86_64, r-oldrel-macos-arm64, r-oldrel-macos-x86_64