Last updated on 2022-08-15 08:50:07 CEST.
Flavor | Version | Tinstall | Tcheck | Ttotal | Status | Flags |
---|---|---|---|---|---|---|
r-devel-linux-x86_64-debian-clang | 1.0.4 | 58.35 | 418.49 | 476.84 | OK | |
r-devel-linux-x86_64-debian-gcc | 1.0.4 | 44.00 | 318.21 | 362.21 | OK | |
r-devel-linux-x86_64-fedora-clang | 1.0.4 | 567.45 | OK | |||
r-devel-linux-x86_64-fedora-gcc | 1.0.4 | 582.73 | OK | |||
r-devel-windows-x86_64 | 1.0.4 | 124.00 | 455.00 | 579.00 | OK | |
r-patched-linux-x86_64 | 1.0.4 | 54.67 | 406.78 | 461.45 | OK | |
r-release-linux-x86_64 | 1.0.4 | 49.26 | 406.54 | 455.80 | OK | |
r-release-macos-arm64 | 1.0.4 | 130.00 | OK | |||
r-release-macos-x86_64 | 1.0.4 | 177.00 | OK | |||
r-release-windows-x86_64 | 1.0.4 | 314.00 | 447.00 | 761.00 | OK | |
r-oldrel-macos-arm64 | 1.0.4 | 155.00 | OK | |||
r-oldrel-macos-x86_64 | 1.0.4 | 171.00 | OK | |||
r-oldrel-windows-ix86+x86_64 | 1.0.4 | 119.00 | 656.00 | 775.00 | NOTE |
Version: 1.0.4
Check: installed package size
Result: NOTE
installed size is 5.6Mb
sub-directories of 1Mb or more:
R 1.6Mb
extdata 1.3Mb
libs 2.0Mb
Flavor: r-oldrel-windows-ix86+x86_64