Last updated on 2022-08-15 08:50:07 CEST.
Flavor | Version | Tinstall | Tcheck | Ttotal | Status | Flags |
---|---|---|---|---|---|---|
r-devel-linux-x86_64-debian-clang | 1.1.1 | 23.22 | 53.82 | 77.04 | OK | |
r-devel-linux-x86_64-debian-gcc | 1.1.1 | 19.18 | 37.57 | 56.75 | OK | |
r-devel-linux-x86_64-fedora-clang | 1.1.1 | 112.39 | NOTE | |||
r-devel-linux-x86_64-fedora-gcc | 1.1.1 | 106.78 | NOTE | |||
r-devel-windows-x86_64 | 1.1.1 | 35.00 | 92.00 | 127.00 | OK | |
r-patched-linux-x86_64 | 1.1.1 | 24.97 | 49.90 | 74.87 | OK | |
r-release-linux-x86_64 | 1.1.1 | 18.78 | 50.07 | 68.85 | OK | |
r-release-macos-arm64 | 1.1.1 | 30.00 | OK | |||
r-release-macos-x86_64 | 1.1.1 | 42.00 | OK | |||
r-release-windows-x86_64 | 1.1.1 | 34.00 | 91.00 | 125.00 | OK | |
r-oldrel-macos-arm64 | 1.1.1 | 37.00 | OK | |||
r-oldrel-macos-x86_64 | 1.1.1 | 53.00 | OK | |||
r-oldrel-windows-ix86+x86_64 | 1.1.1 | 66.00 | 125.00 | 191.00 | OK |
Version: 1.1.1
Check: compiled code
Result: NOTE
File ‘saturnin/libs/saturnin.so’:
Found no calls to: ‘R_registerRoutines’, ‘R_useDynamicSymbols’
It is good practice to register native routines and to disable symbol
search.
See ‘Writing portable packages’ in the ‘Writing R Extensions’ manual.
Flavors: r-devel-linux-x86_64-fedora-clang, r-devel-linux-x86_64-fedora-gcc