Last updated on 2022-08-15 08:50:07 CEST.
Flavor | Version | Tinstall | Tcheck | Ttotal | Status | Flags |
---|---|---|---|---|---|---|
r-devel-linux-x86_64-debian-clang | 0.2.0 | 2.30 | 23.99 | 26.29 | NOTE | |
r-devel-linux-x86_64-debian-gcc | 0.2.0 | 1.63 | 18.66 | 20.29 | NOTE | |
r-devel-linux-x86_64-fedora-clang | 0.2.0 | 42.60 | NOTE | |||
r-devel-linux-x86_64-fedora-gcc | 0.2.0 | 41.89 | NOTE | |||
r-devel-windows-x86_64 | 0.2.0 | 31.00 | 51.00 | 82.00 | NOTE | |
r-patched-linux-x86_64 | 0.2.0 | 2.05 | 23.55 | 25.60 | NOTE | |
r-release-linux-x86_64 | 0.2.0 | 2.25 | 23.37 | 25.62 | NOTE | |
r-release-macos-arm64 | 0.2.0 | 17.00 | NOTE | |||
r-release-macos-x86_64 | 0.2.0 | 25.00 | NOTE | |||
r-release-windows-x86_64 | 0.2.0 | 28.00 | 48.00 | 76.00 | NOTE | |
r-oldrel-macos-arm64 | 0.2.0 | 23.00 | NOTE | |||
r-oldrel-macos-x86_64 | 0.2.0 | 25.00 | NOTE | |||
r-oldrel-windows-ix86+x86_64 | 0.2.0 | 6.00 | 42.00 | 48.00 | NOTE |
Version: 0.2.0
Check: LazyData
Result: NOTE
'LazyData' is specified without a 'data' directory
Flavors: r-devel-linux-x86_64-debian-clang, r-devel-linux-x86_64-debian-gcc, r-devel-linux-x86_64-fedora-clang, r-devel-linux-x86_64-fedora-gcc, r-devel-windows-x86_64, r-patched-linux-x86_64, r-release-linux-x86_64, r-release-macos-arm64, r-release-macos-x86_64, r-release-windows-x86_64, r-oldrel-macos-arm64, r-oldrel-macos-x86_64, r-oldrel-windows-ix86+x86_64
Version: 0.2.0
Check: dependencies in R code
Result: NOTE
Namespace in Imports field not imported from: ‘crayon’
All declared Imports should be used.
Flavors: r-devel-linux-x86_64-fedora-clang, r-devel-linux-x86_64-fedora-gcc, r-release-macos-arm64, r-release-macos-x86_64, r-oldrel-macos-arm64, r-oldrel-macos-x86_64