Last updated on 2022-08-15 08:50:07 CEST.
Flavor | Version | Tinstall | Tcheck | Ttotal | Status | Flags |
---|---|---|---|---|---|---|
r-devel-linux-x86_64-debian-clang | 1.1.5 | 11.05 | 81.38 | 92.43 | NOTE | |
r-devel-linux-x86_64-debian-gcc | 1.1.5 | 8.61 | 60.74 | 69.35 | NOTE | |
r-devel-linux-x86_64-fedora-clang | 1.1.5 | 118.49 | NOTE | |||
r-devel-linux-x86_64-fedora-gcc | 1.1.5 | 119.51 | NOTE | |||
r-devel-windows-x86_64 | 1.1.5 | 15.00 | 99.00 | 114.00 | NOTE | |
r-patched-linux-x86_64 | 1.1.5 | 9.88 | 76.28 | 86.16 | NOTE | |
r-release-linux-x86_64 | 1.1.5 | 8.05 | 75.91 | 83.96 | NOTE | |
r-release-macos-arm64 | 1.1.5 | 35.00 | NOTE | |||
r-release-macos-x86_64 | 1.1.5 | 47.00 | NOTE | |||
r-release-windows-x86_64 | 1.1.5 | 22.00 | 100.00 | 122.00 | NOTE | |
r-oldrel-macos-arm64 | 1.1.5 | 37.00 | NOTE | |||
r-oldrel-macos-x86_64 | 1.1.5 | 45.00 | NOTE | |||
r-oldrel-windows-ix86+x86_64 | 1.1.5 | 22.00 | 94.00 | 116.00 | NOTE |
Version: 1.1.5
Check: package dependencies
Result: NOTE
Packages which this enhances but not available for checking:
'gurobi', 'pogs'
Flavors: r-devel-linux-x86_64-debian-clang, r-devel-linux-x86_64-debian-gcc, r-patched-linux-x86_64, r-release-linux-x86_64
Version: 1.1.5
Check: package dependencies
Result: NOTE
Packages which this enhances but not available for checking:
'gurobi', 'Rcplex', 'pogs'
Flavors: r-devel-linux-x86_64-fedora-clang, r-devel-linux-x86_64-fedora-gcc, r-devel-windows-x86_64, r-release-macos-arm64, r-release-macos-x86_64, r-release-windows-x86_64, r-oldrel-macos-arm64, r-oldrel-macos-x86_64, r-oldrel-windows-ix86+x86_64