Last updated on 2022-08-15 08:50:08 CEST.
Flavor | Version | Tinstall | Tcheck | Ttotal | Status | Flags |
---|---|---|---|---|---|---|
r-devel-linux-x86_64-debian-clang | 0.0.2 | 2.91 | 119.32 | 122.23 | NOTE | |
r-devel-linux-x86_64-debian-gcc | 0.0.2 | 1.96 | 80.74 | 82.70 | NOTE | |
r-devel-linux-x86_64-fedora-clang | 0.0.2 | 149.09 | NOTE | |||
r-devel-linux-x86_64-fedora-gcc | 0.0.2 | 159.85 | NOTE | |||
r-devel-windows-x86_64 | 0.0.2 | 14.00 | 135.00 | 149.00 | NOTE | |
r-patched-linux-x86_64 | 0.0.2 | 2.60 | 110.70 | 113.30 | NOTE | |
r-release-linux-x86_64 | 0.0.2 | 2.12 | 113.40 | 115.52 | NOTE | |
r-release-macos-arm64 | 0.0.2 | 46.00 | NOTE | |||
r-release-macos-x86_64 | 0.0.2 | 77.00 | NOTE | |||
r-release-windows-x86_64 | 0.0.2 | 16.00 | 134.00 | 150.00 | NOTE | |
r-oldrel-macos-arm64 | 0.0.2 | 52.00 | NOTE | |||
r-oldrel-macos-x86_64 | 0.0.2 | 113.00 | NOTE | |||
r-oldrel-windows-ix86+x86_64 | 0.0.2 | 6.00 | 146.00 | 152.00 | NOTE |
Version: 0.0.2
Check: LazyData
Result: NOTE
'LazyData' is specified without a 'data' directory
Flavors: r-devel-linux-x86_64-debian-clang, r-devel-linux-x86_64-debian-gcc, r-devel-linux-x86_64-fedora-clang, r-devel-linux-x86_64-fedora-gcc, r-devel-windows-x86_64, r-patched-linux-x86_64, r-release-linux-x86_64, r-release-macos-arm64, r-release-macos-x86_64, r-release-windows-x86_64, r-oldrel-macos-arm64, r-oldrel-macos-x86_64, r-oldrel-windows-ix86+x86_64