Last updated on 2022-08-15 08:50:08 CEST.
Flavor | Version | Tinstall | Tcheck | Ttotal | Status | Flags |
---|---|---|---|---|---|---|
r-devel-linux-x86_64-debian-clang | 0.1.0 | 5.70 | 65.70 | 71.40 | NOTE | |
r-devel-linux-x86_64-debian-gcc | 0.1.0 | 4.42 | 47.70 | 52.12 | NOTE | |
r-devel-linux-x86_64-fedora-clang | 0.1.0 | 93.11 | NOTE | |||
r-devel-linux-x86_64-fedora-gcc | 0.1.0 | 96.39 | NOTE | |||
r-devel-windows-x86_64 | 0.1.0 | 11.00 | 84.00 | 95.00 | NOTE | |
r-patched-linux-x86_64 | 0.1.0 | 3.70 | 59.54 | 63.24 | NOTE | |
r-release-linux-x86_64 | 0.1.0 | 4.19 | 60.10 | 64.29 | NOTE | |
r-release-macos-arm64 | 0.1.0 | 26.00 | NOTE | |||
r-release-macos-x86_64 | 0.1.0 | 46.00 | NOTE | |||
r-release-windows-x86_64 | 0.1.0 | 12.00 | 86.00 | 98.00 | NOTE | |
r-oldrel-macos-arm64 | 0.1.0 | 32.00 | NOTE | |||
r-oldrel-macos-x86_64 | 0.1.0 | 45.00 | NOTE | |||
r-oldrel-windows-ix86+x86_64 | 0.1.0 | 15.00 | 83.00 | 98.00 | NOTE |
Version: 0.1.0
Check: LazyData
Result: NOTE
'LazyData' is specified without a 'data' directory
Flavors: r-devel-linux-x86_64-debian-clang, r-devel-linux-x86_64-debian-gcc, r-devel-linux-x86_64-fedora-clang, r-devel-linux-x86_64-fedora-gcc, r-devel-windows-x86_64, r-patched-linux-x86_64, r-release-linux-x86_64, r-release-macos-arm64, r-release-macos-x86_64, r-release-windows-x86_64, r-oldrel-macos-arm64, r-oldrel-macos-x86_64, r-oldrel-windows-ix86+x86_64