Last updated on 2022-08-15 08:50:07 CEST.
Flavor | Version | Tinstall | Tcheck | Ttotal | Status | Flags |
---|---|---|---|---|---|---|
r-devel-linux-x86_64-debian-clang | 1.0-1 | 8.18 | 108.35 | 116.53 | OK | |
r-devel-linux-x86_64-debian-gcc | 1.0-1 | 6.78 | 76.79 | 83.57 | OK | |
r-devel-linux-x86_64-fedora-clang | 1.0-1 | 146.83 | NOTE | |||
r-devel-linux-x86_64-fedora-gcc | 1.0-1 | 154.12 | NOTE | |||
r-devel-windows-x86_64 | 1.0-1 | 55.00 | 126.00 | 181.00 | OK | |
r-patched-linux-x86_64 | 1.0-1 | 8.51 | 100.12 | 108.63 | OK | |
r-release-linux-x86_64 | 1.0-1 | 7.72 | 102.23 | 109.95 | OK | |
r-release-macos-arm64 | 1.0-1 | 43.00 | NOTE | |||
r-release-macos-x86_64 | 1.0-1 | 64.00 | NOTE | |||
r-release-windows-x86_64 | 1.0-1 | 34.00 | 124.00 | 158.00 | OK | |
r-oldrel-macos-arm64 | 1.0-1 | 52.00 | NOTE | |||
r-oldrel-macos-x86_64 | 1.0-1 | 105.00 | NOTE | |||
r-oldrel-windows-ix86+x86_64 | 1.0-1 | 14.00 | 128.00 | 142.00 | OK |
Version: 1.0-1
Check: dependencies in R code
Result: NOTE
Namespace in Imports field not imported from: ‘pvclust’
All declared Imports should be used.
Flavors: r-devel-linux-x86_64-fedora-clang, r-devel-linux-x86_64-fedora-gcc, r-release-macos-arm64, r-release-macos-x86_64, r-oldrel-macos-arm64, r-oldrel-macos-x86_64