Last updated on 2022-08-15 08:50:07 CEST.
Flavor | Version | Tinstall | Tcheck | Ttotal | Status | Flags |
---|---|---|---|---|---|---|
r-devel-linux-x86_64-debian-clang | 0.54.1 | 20.65 | 161.16 | 181.81 | OK | |
r-devel-linux-x86_64-debian-gcc | 0.54.1 | 16.02 | 118.41 | 134.43 | OK | |
r-devel-linux-x86_64-fedora-clang | 0.54.1 | 225.09 | NOTE | |||
r-devel-linux-x86_64-fedora-gcc | 0.54.1 | 232.93 | NOTE | |||
r-devel-windows-x86_64 | 0.54.1 | 49.00 | 178.00 | 227.00 | OK | |
r-patched-linux-x86_64 | 0.54.1 | 26.25 | 153.31 | 179.56 | OK | |
r-release-linux-x86_64 | 0.54.1 | 16.44 | 152.66 | 169.10 | OK | |
r-release-macos-arm64 | 0.54.1 | 59.00 | NOTE | |||
r-release-macos-x86_64 | 0.54.1 | 94.00 | NOTE | |||
r-release-windows-x86_64 | 0.54.1 | 51.00 | 182.00 | 233.00 | OK | |
r-oldrel-macos-arm64 | 0.54.1 | 57.00 | NOTE | |||
r-oldrel-macos-x86_64 | 0.54.1 | 70.00 | NOTE | |||
r-oldrel-windows-ix86+x86_64 | 0.54.1 | 41.00 | 182.00 | 223.00 | OK |
Version: 0.54.1
Check: dependencies in R code
Result: NOTE
Namespace in Imports field not imported from: ‘methods’
All declared Imports should be used.
Flavors: r-devel-linux-x86_64-fedora-clang, r-devel-linux-x86_64-fedora-gcc, r-release-macos-arm64, r-release-macos-x86_64, r-oldrel-macos-arm64, r-oldrel-macos-x86_64
Version: 0.54.1
Check: data for non-ASCII characters
Result: NOTE
Note: found 1 marked UTF-8 string
Flavors: r-devel-linux-x86_64-fedora-clang, r-devel-linux-x86_64-fedora-gcc, r-release-macos-arm64, r-release-macos-x86_64, r-oldrel-macos-arm64, r-oldrel-macos-x86_64