Last updated on 2022-08-15 08:50:08 CEST.
Flavor | Version | Tinstall | Tcheck | Ttotal | Status | Flags |
---|---|---|---|---|---|---|
r-devel-linux-x86_64-debian-clang | 2.3.3 | 15.90 | 176.81 | 192.71 | NOTE | |
r-devel-linux-x86_64-debian-gcc | 2.3.3 | 14.01 | 128.58 | 142.59 | NOTE | |
r-devel-linux-x86_64-fedora-clang | 2.3.3 | 237.23 | NOTE | |||
r-devel-linux-x86_64-fedora-gcc | 2.3.3 | 245.36 | NOTE | |||
r-devel-windows-x86_64 | 2.3.3 | 33.00 | 226.00 | 259.00 | NOTE | |
r-patched-linux-x86_64 | 2.3.3 | 13.92 | 162.28 | 176.20 | OK | |
r-release-linux-x86_64 | 2.3.3 | 11.23 | 160.43 | 171.66 | OK | |
r-release-macos-arm64 | 2.3.3 | 63.00 | OK | |||
r-release-macos-x86_64 | 2.3.3 | 114.00 | OK | |||
r-release-windows-x86_64 | 2.3.3 | 31.00 | 228.00 | 259.00 | OK | |
r-oldrel-macos-arm64 | 2.3.3 | 88.00 | OK | |||
r-oldrel-macos-x86_64 | 2.3.3 | 136.00 | OK | |||
r-oldrel-windows-ix86+x86_64 | 2.3.3 | 43.00 | 200.00 | 243.00 | OK |
Version: 2.3.3
Check: Rd files
Result: NOTE
checkRd: (-1) x.oreo.Rd:48: Escaped LaTeX specials: \_ \_
Flavors: r-devel-linux-x86_64-debian-clang, r-devel-linux-x86_64-debian-gcc, r-devel-linux-x86_64-fedora-clang, r-devel-linux-x86_64-fedora-gcc, r-devel-windows-x86_64