Last updated on 2022-08-15 08:50:08 CEST.
Flavor | Version | Tinstall | Tcheck | Ttotal | Status | Flags |
---|---|---|---|---|---|---|
r-devel-linux-x86_64-debian-clang | 1.0.1 | 6.37 | 25.82 | 32.19 | NOTE | |
r-devel-linux-x86_64-debian-gcc | 1.0.1 | 4.19 | 19.86 | 24.05 | NOTE | |
r-devel-linux-x86_64-fedora-clang | 1.0.1 | 48.33 | NOTE | |||
r-devel-linux-x86_64-fedora-gcc | 1.0.1 | 50.59 | NOTE | |||
r-devel-windows-x86_64 | 1.0.1 | 9.00 | 50.00 | 59.00 | NOTE | |
r-patched-linux-x86_64 | 1.0.1 | 4.06 | 25.12 | 29.18 | NOTE | |
r-release-linux-x86_64 | 1.0.1 | 4.60 | 24.67 | 29.27 | NOTE | |
r-release-macos-arm64 | 1.0.1 | 17.00 | NOTE | |||
r-release-macos-x86_64 | 1.0.1 | 26.00 | NOTE | |||
r-release-windows-x86_64 | 1.0.1 | 8.00 | 49.00 | 57.00 | NOTE | |
r-oldrel-macos-arm64 | 1.0.1 | 23.00 | NOTE | |||
r-oldrel-macos-x86_64 | 1.0.1 | 26.00 | NOTE | |||
r-oldrel-windows-ix86+x86_64 | 1.0.1 | 11.00 | 42.00 | 53.00 | NOTE |
Version: 1.0.1
Check: LazyData
Result: NOTE
'LazyData' is specified without a 'data' directory
Flavors: r-devel-linux-x86_64-debian-clang, r-devel-linux-x86_64-debian-gcc, r-devel-linux-x86_64-fedora-clang, r-devel-linux-x86_64-fedora-gcc, r-devel-windows-x86_64, r-patched-linux-x86_64, r-release-linux-x86_64, r-release-macos-arm64, r-release-macos-x86_64, r-release-windows-x86_64, r-oldrel-macos-arm64, r-oldrel-macos-x86_64, r-oldrel-windows-ix86+x86_64
Version: 1.0.1
Check: dependencies in R code
Result: NOTE
Namespaces in Imports field not imported from:
‘R6’ ‘cowplot’ ‘ggplot2’ ‘ggridges’ ‘ggstance’ ‘jmvcore’
All declared Imports should be used.
Flavors: r-devel-linux-x86_64-fedora-clang, r-devel-linux-x86_64-fedora-gcc, r-release-macos-arm64, r-release-macos-x86_64, r-oldrel-macos-arm64, r-oldrel-macos-x86_64