Last updated on 2022-08-15 08:50:08 CEST.
Flavor | Version | Tinstall | Tcheck | Ttotal | Status | Flags |
---|---|---|---|---|---|---|
r-devel-linux-x86_64-debian-clang | 1.0.2 | 5.77 | 50.22 | 55.99 | NOTE | |
r-devel-linux-x86_64-debian-gcc | 1.0.2 | 4.14 | 35.24 | 39.38 | NOTE | |
r-devel-linux-x86_64-fedora-clang | 1.0.2 | 72.85 | NOTE | |||
r-devel-linux-x86_64-fedora-gcc | 1.0.2 | 72.94 | NOTE | |||
r-devel-windows-x86_64 | 1.0.2 | 28.00 | 72.00 | 100.00 | NOTE | |
r-patched-linux-x86_64 | 1.0.2 | 4.80 | 48.54 | 53.34 | NOTE | |
r-release-linux-x86_64 | 1.0.2 | 4.07 | 45.31 | 49.38 | NOTE | |
r-release-macos-arm64 | 1.0.2 | 21.00 | NOTE | |||
r-release-macos-x86_64 | 1.0.2 | 29.00 | NOTE | |||
r-release-windows-x86_64 | 1.0.2 | 39.00 | 74.00 | 113.00 | NOTE | |
r-oldrel-macos-arm64 | 1.0.2 | 29.00 | NOTE | |||
r-oldrel-macos-x86_64 | 1.0.2 | 41.00 | NOTE | |||
r-oldrel-windows-ix86+x86_64 | 1.0.2 | 10.00 | 67.00 | 77.00 | NOTE |
Version: 1.0.2
Check: LazyData
Result: NOTE
'LazyData' is specified without a 'data' directory
Flavors: r-devel-linux-x86_64-debian-clang, r-devel-linux-x86_64-debian-gcc, r-devel-linux-x86_64-fedora-clang, r-devel-linux-x86_64-fedora-gcc, r-devel-windows-x86_64, r-patched-linux-x86_64, r-release-linux-x86_64, r-release-macos-arm64, r-release-macos-x86_64, r-release-windows-x86_64, r-oldrel-macos-arm64, r-oldrel-macos-x86_64, r-oldrel-windows-ix86+x86_64