Last updated on 2022-08-15 08:50:08 CEST.
Flavor | Version | Tinstall | Tcheck | Ttotal | Status | Flags |
---|---|---|---|---|---|---|
r-devel-linux-x86_64-debian-clang | 0.1.0 | 13.84 | 111.07 | 124.91 | NOTE | |
r-devel-linux-x86_64-debian-gcc | 0.1.0 | 11.18 | 81.66 | 92.84 | NOTE | |
r-devel-linux-x86_64-fedora-clang | 0.1.0 | 161.48 | NOTE | |||
r-devel-linux-x86_64-fedora-gcc | 0.1.0 | 120.11 | NOTE | |||
r-devel-windows-x86_64 | 0.1.0 | 22.00 | 125.00 | 147.00 | NOTE | |
r-patched-linux-x86_64 | 0.1.0 | 14.88 | 101.92 | 116.80 | NOTE | |
r-release-linux-x86_64 | 0.1.0 | 12.00 | 104.14 | 116.14 | NOTE | |
r-release-macos-arm64 | 0.1.0 | 43.00 | NOTE | |||
r-release-macos-x86_64 | 0.1.0 | 78.00 | NOTE | |||
r-release-windows-x86_64 | 0.1.0 | 24.00 | 130.00 | 154.00 | NOTE | |
r-oldrel-macos-arm64 | 0.1.0 | 50.00 | NOTE | |||
r-oldrel-macos-x86_64 | 0.1.0 | 63.00 | NOTE | |||
r-oldrel-windows-ix86+x86_64 | 0.1.0 | 30.00 | 127.00 | 157.00 | NOTE |
Version: 0.1.0
Check: LazyData
Result: NOTE
'LazyData' is specified without a 'data' directory
Flavors: r-devel-linux-x86_64-debian-clang, r-devel-linux-x86_64-debian-gcc, r-devel-linux-x86_64-fedora-clang, r-devel-linux-x86_64-fedora-gcc, r-devel-windows-x86_64, r-patched-linux-x86_64, r-release-linux-x86_64, r-release-macos-arm64, r-release-macos-x86_64, r-release-windows-x86_64, r-oldrel-macos-arm64, r-oldrel-macos-x86_64, r-oldrel-windows-ix86+x86_64
Version: 0.1.0
Check: dependencies in R code
Result: NOTE
Namespace in Imports field not imported from: ‘ggplot2’
All declared Imports should be used.
Flavors: r-devel-linux-x86_64-fedora-clang, r-devel-linux-x86_64-fedora-gcc, r-release-macos-arm64, r-release-macos-x86_64, r-oldrel-macos-arm64, r-oldrel-macos-x86_64