Last updated on 2022-08-15 08:50:08 CEST.
Flavor | Version | Tinstall | Tcheck | Ttotal | Status | Flags |
---|---|---|---|---|---|---|
r-devel-linux-x86_64-debian-clang | 1.0.0 | 11.15 | 324.71 | 335.86 | NOTE | |
r-devel-linux-x86_64-debian-gcc | 1.0.0 | 9.13 | 251.16 | 260.29 | NOTE | |
r-devel-linux-x86_64-fedora-clang | 1.0.0 | 341.94 | NOTE | |||
r-devel-linux-x86_64-fedora-gcc | 1.0.0 | 348.19 | NOTE | |||
r-devel-windows-x86_64 | 1.0.0 | 210.00 | 263.00 | 473.00 | OK | |
r-patched-linux-x86_64 | 1.0.0 | 11.27 | 273.23 | 284.50 | OK | |
r-release-linux-x86_64 | 1.0.0 | 9.22 | 266.40 | 275.62 | OK | |
r-release-macos-arm64 | 1.0.0 | 88.00 | OK | |||
r-release-macos-x86_64 | 1.0.0 | 113.00 | OK | |||
r-release-windows-x86_64 | 1.0.0 | 172.00 | 262.00 | 434.00 | OK | |
r-oldrel-macos-arm64 | 1.0.0 | 83.00 | OK | |||
r-oldrel-macos-x86_64 | 1.0.0 | 107.00 | OK | |||
r-oldrel-windows-ix86+x86_64 | 1.0.0 | 28.00 | 252.00 | 280.00 | OK |
Version: 1.0.0
Check: HTML version of manual
Result: NOTE
Found the following math rendering problems:
bias_quantile.Rd:39: Can't use function '$' in math mode in ..., 0} = - \infty$ and $q_{t,1} =...
Flavors: r-devel-linux-x86_64-debian-clang, r-devel-linux-x86_64-debian-gcc, r-devel-linux-x86_64-fedora-clang, r-devel-linux-x86_64-fedora-gcc