Last updated on 2022-08-15 08:50:08 CEST.
Flavor | Version | Tinstall | Tcheck | Ttotal | Status | Flags |
---|---|---|---|---|---|---|
r-devel-linux-x86_64-debian-clang | 3.0-0 | 9.23 | 27.03 | 36.26 | NOTE | |
r-devel-linux-x86_64-debian-gcc | 3.0-0 | 12.39 | 20.98 | 33.37 | NOTE | |
r-devel-linux-x86_64-fedora-clang | 3.0-0 | 57.07 | NOTE | |||
r-devel-linux-x86_64-fedora-gcc | 3.0-0 | 62.47 | NOTE | |||
r-devel-windows-x86_64 | 3.0-0 | 64.00 | 55.00 | 119.00 | NOTE | |
r-patched-linux-x86_64 | 3.0-0 | 12.17 | 25.11 | 37.28 | NOTE | |
r-release-linux-x86_64 | 3.0-0 | 11.75 | 25.86 | 37.61 | NOTE | |
r-release-macos-arm64 | 3.0-0 | 21.00 | NOTE | |||
r-release-macos-x86_64 | 3.0-0 | 29.00 | NOTE | |||
r-release-windows-x86_64 | 3.0-0 | 79.00 | 56.00 | 135.00 | NOTE | |
r-oldrel-macos-arm64 | 3.0-0 | 20.00 | NOTE | |||
r-oldrel-macos-x86_64 | 3.0-0 | 34.00 | NOTE | |||
r-oldrel-windows-ix86+x86_64 | 3.0-0 | 63.00 | 55.00 | 118.00 | NOTE |
Version: 3.0-0
Check: for GNU extensions in Makefiles
Result: NOTE
GNU make is a SystemRequirements.
Flavors: r-devel-linux-x86_64-debian-clang, r-devel-linux-x86_64-debian-gcc, r-devel-linux-x86_64-fedora-clang, r-devel-linux-x86_64-fedora-gcc, r-devel-windows-x86_64, r-patched-linux-x86_64, r-release-linux-x86_64, r-release-macos-arm64, r-release-macos-x86_64, r-release-windows-x86_64, r-oldrel-macos-arm64, r-oldrel-macos-x86_64, r-oldrel-windows-ix86+x86_64