Last updated on 2022-08-15 08:50:08 CEST.
Flavor | Version | Tinstall | Tcheck | Ttotal | Status | Flags |
---|---|---|---|---|---|---|
r-devel-linux-x86_64-debian-clang | 0.3.3 | 45.79 | 127.41 | 173.20 | WARN | |
r-devel-linux-x86_64-debian-gcc | 0.3.3 | 42.75 | 95.16 | 137.91 | NOTE | |
r-devel-linux-x86_64-fedora-clang | 0.3.3 | 234.09 | WARN | |||
r-devel-linux-x86_64-fedora-gcc | 0.3.3 | 237.53 | NOTE | |||
r-devel-windows-x86_64 | 0.3.3 | 69.00 | 176.00 | 245.00 | OK | |
r-patched-linux-x86_64 | 0.3.3 | 40.55 | 119.96 | 160.51 | NOTE | |
r-release-linux-x86_64 | 0.3.3 | 45.53 | 117.61 | 163.14 | NOTE | |
r-release-macos-arm64 | 0.3.3 | 59.00 | NOTE | |||
r-release-macos-x86_64 | 0.3.3 | 104.00 | NOTE | |||
r-release-windows-x86_64 | 0.3.3 | 81.00 | 178.00 | 259.00 | OK | |
r-oldrel-macos-arm64 | 0.3.3 | 56.00 | NOTE | |||
r-oldrel-macos-x86_64 | 0.3.3 | 78.00 | NOTE | |||
r-oldrel-windows-ix86+x86_64 | 0.3.3 | 113.00 | 204.00 | 317.00 | OK |
Version: 0.3.3
Check: package dependencies
Result: NOTE
Package which this enhances but not available for checking: 'glmGamPoi'
Flavors: r-devel-linux-x86_64-debian-clang, r-devel-linux-x86_64-debian-gcc, r-devel-linux-x86_64-fedora-clang, r-devel-linux-x86_64-fedora-gcc, r-patched-linux-x86_64, r-release-linux-x86_64, r-release-macos-arm64, r-release-macos-x86_64, r-oldrel-macos-arm64, r-oldrel-macos-x86_64
Version: 0.3.3
Check: whether package can be installed
Result: WARN
Found the following significant warnings:
utils.cpp:364:35: warning: use of bitwise '|' with boolean operands [-Wbitwise-instead-of-logical]
Flavors: r-devel-linux-x86_64-debian-clang, r-devel-linux-x86_64-fedora-clang