Last updated on 2022-08-15 08:50:08 CEST.
Flavor | Version | Tinstall | Tcheck | Ttotal | Status | Flags |
---|---|---|---|---|---|---|
r-devel-linux-x86_64-debian-clang | 1.0.2 | 34.68 | 321.27 | 355.95 | OK | |
r-devel-linux-x86_64-debian-gcc | 1.0.2 | 31.00 | 234.84 | 265.84 | OK | |
r-devel-linux-x86_64-fedora-clang | 1.0.2 | 420.43 | NOTE | |||
r-devel-linux-x86_64-fedora-gcc | 1.0.2 | 453.69 | NOTE | |||
r-devel-windows-x86_64 | 1.0.2 | 45.00 | 311.00 | 356.00 | OK | |
r-patched-linux-x86_64 | 1.0.2 | 25.04 | 306.63 | 331.67 | OK | |
r-release-linux-x86_64 | 1.0.2 | 24.03 | 308.57 | 332.60 | OK | |
r-release-macos-arm64 | 1.0.2 | 89.00 | NOTE | |||
r-release-macos-x86_64 | 1.0.2 | 161.00 | NOTE | |||
r-release-windows-x86_64 | 1.0.2 | 34.00 | 307.00 | 341.00 | OK | |
r-oldrel-macos-arm64 | 1.0.2 | 105.00 | NOTE | |||
r-oldrel-macos-x86_64 | 1.0.2 | 163.00 | NOTE | |||
r-oldrel-windows-ix86+x86_64 | 1.0.2 | 75.00 | 319.00 | 394.00 | OK |
Version: 1.0.2
Check: dependencies in R code
Result: NOTE
Namespaces in Imports field not imported from:
‘rgdal’ ‘rgeos’ ‘tidyr’
All declared Imports should be used.
Flavors: r-devel-linux-x86_64-fedora-clang, r-devel-linux-x86_64-fedora-gcc, r-release-macos-arm64, r-release-macos-x86_64, r-oldrel-macos-arm64, r-oldrel-macos-x86_64