Last updated on 2022-08-15 08:50:08 CEST.
Flavor | Version | Tinstall | Tcheck | Ttotal | Status | Flags |
---|---|---|---|---|---|---|
r-devel-linux-x86_64-debian-clang | 0.4.0 | 4.01 | 41.16 | 45.17 | NOTE | |
r-devel-linux-x86_64-debian-gcc | 0.4.0 | 3.10 | 32.13 | 35.23 | NOTE | |
r-devel-linux-x86_64-fedora-clang | 0.4.0 | 65.55 | NOTE | |||
r-devel-linux-x86_64-fedora-gcc | 0.4.0 | 65.84 | NOTE | |||
r-devel-windows-x86_64 | 0.4.0 | 58.00 | 74.00 | 132.00 | NOTE | |
r-patched-linux-x86_64 | 0.4.0 | 4.31 | 38.27 | 42.58 | NOTE | |
r-release-linux-x86_64 | 0.4.0 | 4.50 | 37.98 | 42.48 | NOTE | |
r-release-macos-arm64 | 0.4.0 | 23.00 | NOTE | |||
r-release-macos-x86_64 | 0.4.0 | 32.00 | NOTE | |||
r-release-windows-x86_64 | 0.4.0 | 43.00 | 67.00 | 110.00 | NOTE | |
r-oldrel-macos-arm64 | 0.4.0 | 26.00 | NOTE | |||
r-oldrel-macos-x86_64 | 0.4.0 | 33.00 | NOTE | |||
r-oldrel-windows-ix86+x86_64 | 0.4.0 | 11.00 | 58.00 | 69.00 | NOTE |
Version: 0.4.0
Check: LazyData
Result: NOTE
'LazyData' is specified without a 'data' directory
Flavors: r-devel-linux-x86_64-debian-clang, r-devel-linux-x86_64-debian-gcc, r-devel-linux-x86_64-fedora-clang, r-devel-linux-x86_64-fedora-gcc, r-devel-windows-x86_64, r-patched-linux-x86_64, r-release-linux-x86_64, r-release-macos-arm64, r-release-macos-x86_64, r-release-windows-x86_64, r-oldrel-macos-arm64, r-oldrel-macos-x86_64, r-oldrel-windows-ix86+x86_64