Last updated on 2022-08-15 08:50:08 CEST.
Flavor | Version | Tinstall | Tcheck | Ttotal | Status | Flags |
---|---|---|---|---|---|---|
r-devel-linux-x86_64-debian-clang | 0.9.1 | 8.67 | 77.07 | 85.74 | OK | |
r-devel-linux-x86_64-debian-gcc | 0.9.1 | 5.81 | 56.67 | 62.48 | OK | |
r-devel-linux-x86_64-fedora-clang | 0.9.1 | 110.80 | NOTE | |||
r-devel-linux-x86_64-fedora-gcc | 0.9.1 | 116.53 | NOTE | |||
r-devel-windows-x86_64 | 0.9.1 | 40.00 | 102.00 | 142.00 | OK | |
r-patched-linux-x86_64 | 0.9.1 | 14.78 | 70.82 | 85.60 | OK | |
r-release-linux-x86_64 | 0.9.1 | 5.88 | 72.58 | 78.46 | OK | |
r-release-macos-arm64 | 0.9.1 | 30.00 | NOTE | |||
r-release-macos-x86_64 | 0.9.1 | 51.00 | NOTE | |||
r-release-windows-x86_64 | 0.9.1 | 34.00 | 101.00 | 135.00 | OK | |
r-oldrel-macos-arm64 | 0.9.1 | 42.00 | NOTE | |||
r-oldrel-macos-x86_64 | 0.9.1 | 60.00 | NOTE | |||
r-oldrel-windows-ix86+x86_64 | 0.9.1 | 20.00 | 95.00 | 115.00 | OK |
Version: 0.9.1
Check: package dependencies
Result: NOTE
Package suggested but not available for checking: ‘rsbml’
Flavors: r-devel-linux-x86_64-fedora-clang, r-devel-linux-x86_64-fedora-gcc, r-release-macos-arm64, r-release-macos-x86_64, r-oldrel-macos-arm64, r-oldrel-macos-x86_64