Last updated on 2022-08-15 08:50:08 CEST.
Flavor | Version | Tinstall | Tcheck | Ttotal | Status | Flags |
---|---|---|---|---|---|---|
r-devel-linux-x86_64-debian-clang | 1.0.9 | 8.20 | 94.43 | 102.63 | OK | |
r-devel-linux-x86_64-debian-gcc | 1.0.9 | 6.78 | 70.55 | 77.33 | OK | |
r-devel-linux-x86_64-fedora-clang | 1.0.9 | 132.86 | OK | |||
r-devel-linux-x86_64-fedora-gcc | 1.0.9 | 139.23 | OK | |||
r-devel-windows-x86_64 | 1.0.9 | 108.00 | 136.00 | 244.00 | OK | |
r-patched-linux-x86_64 | 1.0.9 | 7.99 | 90.22 | 98.21 | OK | |
r-release-linux-x86_64 | 1.0.9 | 6.51 | 89.26 | 95.77 | OK | |
r-release-macos-arm64 | 1.0.9 | 5.00 | ERROR | |||
r-release-macos-x86_64 | 1.0.9 | 8.00 | ERROR | |||
r-release-windows-x86_64 | 1.0.9 | 103.00 | 139.00 | 242.00 | OK | |
r-oldrel-macos-arm64 | 1.0.9 | 9.00 | ERROR | |||
r-oldrel-macos-x86_64 | 1.0.9 | 11.00 | ERROR | |||
r-oldrel-windows-ix86+x86_64 | 1.0.9 | 18.00 | 126.00 | 144.00 | OK |
Version: 1.0.9
Check: package dependencies
Result: ERROR
Packages required but not available: 'ArrayExpress', 'tximport'
See section ‘The DESCRIPTION file’ in the ‘Writing R Extensions’
manual.
Flavors: r-release-macos-arm64, r-oldrel-macos-arm64
Version: 1.0.9
Check: package dependencies
Result: ERROR
Package required but not available: ‘ArrayExpress’
See section ‘The DESCRIPTION file’ in the ‘Writing R Extensions’
manual.
Flavors: r-release-macos-x86_64, r-oldrel-macos-x86_64