Last updated on 2022-08-15 08:50:08 CEST.
Flavor | Version | Tinstall | Tcheck | Ttotal | Status | Flags |
---|---|---|---|---|---|---|
r-devel-linux-x86_64-debian-clang | 0.5-7 | 6.86 | 75.16 | 82.02 | NOTE | |
r-devel-linux-x86_64-debian-gcc | 0.5-7 | 5.83 | 57.07 | 62.90 | NOTE | |
r-devel-linux-x86_64-fedora-clang | 0.5-7 | 113.11 | NOTE | |||
r-devel-linux-x86_64-fedora-gcc | 0.5-7 | 115.74 | NOTE | |||
r-devel-windows-x86_64 | 0.5-7 | 13.00 | 104.00 | 117.00 | OK | |
r-patched-linux-x86_64 | 0.5-7 | 6.78 | 73.07 | 79.85 | NOTE | |
r-release-linux-x86_64 | 0.5-7 | 6.10 | 73.11 | 79.21 | NOTE | |
r-release-macos-arm64 | 0.5-7 | 33.00 | OK | |||
r-release-macos-x86_64 | 0.5-7 | 44.00 | OK | |||
r-release-windows-x86_64 | 0.5-7 | 19.00 | 109.00 | 128.00 | OK | |
r-oldrel-macos-arm64 | 0.5-7 | 34.00 | OK | |||
r-oldrel-macos-x86_64 | 0.5-7 | 56.00 | OK | |||
r-oldrel-windows-ix86+x86_64 | 0.5-7 | 21.00 | 143.00 | 164.00 | OK |
Version: 0.5-7
Check: package dependencies
Result: NOTE
Package suggested but not available for checking: 'spgrass6'
Flavors: r-devel-linux-x86_64-debian-clang, r-devel-linux-x86_64-debian-gcc, r-devel-linux-x86_64-fedora-clang, r-devel-linux-x86_64-fedora-gcc, r-patched-linux-x86_64, r-release-linux-x86_64