Last updated on 2022-08-15 08:50:08 CEST.
Flavor | Version | Tinstall | Tcheck | Ttotal | Status | Flags |
---|---|---|---|---|---|---|
r-devel-linux-x86_64-debian-clang | 0.2.9.3 | 3.85 | 119.18 | 123.03 | OK | |
r-devel-linux-x86_64-debian-gcc | 0.2.9.3 | 3.35 | 87.27 | 90.62 | OK | |
r-devel-linux-x86_64-fedora-clang | 0.2.9.3 | 151.74 | NOTE | |||
r-devel-linux-x86_64-fedora-gcc | 0.2.9.3 | 164.86 | OK | |||
r-devel-windows-x86_64 | 0.2.9.3 | 26.00 | 161.00 | 187.00 | OK | |
r-patched-linux-x86_64 | 0.2.9.3 | 8.77 | 110.89 | 119.66 | OK | |
r-release-linux-x86_64 | 0.2.9.3 | 4.54 | 114.83 | 119.37 | OK | |
r-release-macos-arm64 | 0.2.9.3 | 46.00 | OK | |||
r-release-macos-x86_64 | 0.2.9.3 | 86.00 | OK | |||
r-release-windows-x86_64 | 0.2.9.3 | 32.00 | 164.00 | 196.00 | OK | |
r-oldrel-macos-arm64 | 0.2.9.3 | 71.00 | OK | |||
r-oldrel-macos-x86_64 | 0.2.9.3 | 75.00 | OK | |||
r-oldrel-windows-ix86+x86_64 | 0.2.9.3 | 9.00 | 183.00 | 192.00 | OK |
Version: 0.2.9.3
Check: Rd cross-references
Result: NOTE
Undeclared package ‘qgraph’ in Rd xrefs
Flavor: r-devel-linux-x86_64-fedora-clang