Last updated on 2022-08-15 08:50:08 CEST.
Flavor | Version | Tinstall | Tcheck | Ttotal | Status | Flags |
---|---|---|---|---|---|---|
r-devel-linux-x86_64-debian-clang | 1.27.1 | 128.03 | 183.74 | 311.77 | OK | |
r-devel-linux-x86_64-debian-gcc | 1.27.1 | 101.43 | 133.03 | 234.46 | OK | |
r-devel-linux-x86_64-fedora-clang | 1.27.1 | 418.33 | OK | |||
r-devel-linux-x86_64-fedora-gcc | 1.27.1 | 396.94 | OK | |||
r-devel-windows-x86_64 | 1.27.1 | 234.00 | 213.00 | 447.00 | OK | |
r-patched-linux-x86_64 | 1.27.1 | 106.87 | 169.45 | 276.32 | OK | |
r-release-linux-x86_64 | 1.27.1 | 104.68 | 164.56 | 269.24 | OK | |
r-release-macos-arm64 | 1.27.1 | 91.00 | NOTE | |||
r-release-macos-x86_64 | 1.27.1 | 122.00 | NOTE | |||
r-release-windows-x86_64 | 1.27.1 | 215.00 | 212.00 | 427.00 | OK | |
r-oldrel-macos-arm64 | 1.27.1 | 87.00 | NOTE | |||
r-oldrel-macos-x86_64 | 1.27.1 | 120.00 | NOTE | |||
r-oldrel-windows-ix86+x86_64 | 1.27.1 | 216.00 | 229.00 | 445.00 | OK |
Version: 1.27.1
Check: installed package size
Result: NOTE
installed size is 5.3Mb
sub-directories of 1Mb or more:
R 2.2Mb
libs 2.6Mb
Flavors: r-release-macos-arm64, r-release-macos-x86_64, r-oldrel-macos-arm64, r-oldrel-macos-x86_64