Last updated on 2022-08-15 08:50:08 CEST.
Flavor | Version | Tinstall | Tcheck | Ttotal | Status | Flags |
---|---|---|---|---|---|---|
r-devel-linux-x86_64-debian-clang | 1.0.0 | 101.24 | 276.93 | 378.17 | NOTE | |
r-devel-linux-x86_64-debian-gcc | 1.0.0 | 80.83 | 194.59 | 275.42 | NOTE | |
r-devel-linux-x86_64-fedora-clang | 1.0.0 | 462.81 | NOTE | |||
r-devel-linux-x86_64-fedora-gcc | 1.0.0 | 451.90 | NOTE | |||
r-devel-windows-x86_64 | 1.0.0 | 166.00 | 296.00 | 462.00 | NOTE | |
r-patched-linux-x86_64 | 1.0.0 | 93.64 | 238.10 | 331.74 | NOTE | |
r-release-linux-x86_64 | 1.0.0 | 68.73 | 240.64 | 309.37 | NOTE | |
r-release-macos-arm64 | 1.0.0 | 117.00 | NOTE | |||
r-release-macos-x86_64 | 1.0.0 | 198.00 | NOTE | |||
r-release-windows-x86_64 | 1.0.0 | 137.00 | 295.00 | 432.00 | NOTE | |
r-oldrel-macos-arm64 | 1.0.0 | 140.00 | NOTE | |||
r-oldrel-macos-x86_64 | 1.0.0 | 161.00 | NOTE | |||
r-oldrel-windows-ix86+x86_64 | 1.0.0 | 236.00 | 482.00 | 718.00 | NOTE |
Version: 1.0.0
Check: for GNU extensions in Makefiles
Result: NOTE
GNU make is a SystemRequirements.
Flavors: r-devel-linux-x86_64-debian-clang, r-devel-linux-x86_64-debian-gcc, r-devel-linux-x86_64-fedora-clang, r-devel-linux-x86_64-fedora-gcc, r-devel-windows-x86_64, r-patched-linux-x86_64, r-release-linux-x86_64, r-release-macos-arm64, r-release-macos-x86_64, r-release-windows-x86_64, r-oldrel-macos-arm64, r-oldrel-macos-x86_64, r-oldrel-windows-ix86+x86_64
Version: 1.0.0
Check: data for non-ASCII characters
Result: NOTE
Note: found 4436 marked UTF-8 strings
Flavors: r-devel-linux-x86_64-fedora-clang, r-devel-linux-x86_64-fedora-gcc, r-release-macos-arm64, r-release-macos-x86_64, r-oldrel-macos-arm64, r-oldrel-macos-x86_64
Version: 1.0.0
Check: installed package size
Result: NOTE
installed size is 7.7Mb
sub-directories of 1Mb or more:
data 2.3Mb
libs 4.3Mb
Flavors: r-release-macos-arm64, r-release-macos-x86_64, r-oldrel-macos-arm64, r-oldrel-macos-x86_64, r-oldrel-windows-ix86+x86_64