Last updated on 2022-08-15 08:50:08 CEST.
Flavor | Version | Tinstall | Tcheck | Ttotal | Status | Flags |
---|---|---|---|---|---|---|
r-devel-linux-x86_64-debian-clang | 1.1 | 2.73 | 48.56 | 51.29 | NOTE | |
r-devel-linux-x86_64-debian-gcc | 1.1 | 3.10 | 34.90 | 38.00 | NOTE | |
r-devel-linux-x86_64-fedora-clang | 1.1 | 72.18 | NOTE | |||
r-devel-linux-x86_64-fedora-gcc | 1.1 | 75.60 | NOTE | |||
r-devel-windows-x86_64 | 1.1 | 7.00 | 71.00 | 78.00 | NOTE | |
r-patched-linux-x86_64 | 1.1 | 3.06 | 45.94 | 49.00 | NOTE | |
r-release-linux-x86_64 | 1.1 | 3.91 | 46.75 | 50.66 | NOTE | |
r-release-macos-arm64 | 1.1 | 22.00 | NOTE | |||
r-release-macos-x86_64 | 1.1 | 29.00 | NOTE | |||
r-release-windows-x86_64 | 1.1 | 10.00 | 66.00 | 76.00 | NOTE | |
r-oldrel-macos-arm64 | 1.1 | 24.00 | NOTE | |||
r-oldrel-macos-x86_64 | 1.1 | 41.00 | NOTE | |||
r-oldrel-windows-ix86+x86_64 | 1.1 | 7.00 | 65.00 | 72.00 | NOTE |
Version: 1.1
Check: LazyData
Result: NOTE
'LazyData' is specified without a 'data' directory
Flavors: r-devel-linux-x86_64-debian-clang, r-devel-linux-x86_64-debian-gcc, r-devel-linux-x86_64-fedora-clang, r-devel-linux-x86_64-fedora-gcc, r-devel-windows-x86_64, r-patched-linux-x86_64, r-release-linux-x86_64, r-release-macos-arm64, r-release-macos-x86_64, r-release-windows-x86_64, r-oldrel-macos-arm64, r-oldrel-macos-x86_64, r-oldrel-windows-ix86+x86_64