Last updated on 2022-08-15 08:50:08 CEST.
Flavor | Version | Tinstall | Tcheck | Ttotal | Status | Flags |
---|---|---|---|---|---|---|
r-devel-linux-x86_64-debian-clang | 1.0.1 | 130.92 | 79.04 | 209.96 | NOTE | |
r-devel-linux-x86_64-debian-gcc | 1.0.1 | 104.07 | 57.79 | 161.86 | NOTE | |
r-devel-linux-x86_64-fedora-clang | 1.0.1 | 300.79 | NOTE | |||
r-devel-linux-x86_64-fedora-gcc | 1.0.1 | 291.36 | NOTE | |||
r-devel-windows-x86_64 | 1.0.1 | 102.00 | 129.00 | 231.00 | NOTE | |
r-patched-linux-x86_64 | 1.0.1 | 114.70 | 71.82 | 186.52 | NOTE | |
r-release-linux-x86_64 | 1.0.1 | 96.22 | 70.82 | 167.04 | NOTE | |
r-release-macos-arm64 | 1.0.1 | 65.00 | NOTE | |||
r-release-macos-x86_64 | 1.0.1 | 108.00 | NOTE | |||
r-release-windows-x86_64 | 1.0.1 | 103.00 | 126.00 | 229.00 | NOTE | |
r-oldrel-macos-arm64 | 1.0.1 | 78.00 | NOTE | |||
r-oldrel-macos-x86_64 | 1.0.1 | 115.00 | NOTE | |||
r-oldrel-windows-ix86+x86_64 | 1.0.1 | 338.00 | 141.00 | 479.00 | NOTE |
Version: 1.0.1
Check: LazyData
Result: NOTE
'LazyData' is specified without a 'data' directory
Flavors: r-devel-linux-x86_64-debian-clang, r-devel-linux-x86_64-debian-gcc, r-devel-linux-x86_64-fedora-clang, r-devel-linux-x86_64-fedora-gcc, r-devel-windows-x86_64, r-patched-linux-x86_64, r-release-linux-x86_64, r-release-macos-arm64, r-release-macos-x86_64, r-release-windows-x86_64, r-oldrel-macos-arm64, r-oldrel-macos-x86_64, r-oldrel-windows-ix86+x86_64
Version: 1.0.1
Check: installed package size
Result: NOTE
installed size is 5.4Mb
sub-directories of 1Mb or more:
libs 5.2Mb
Flavor: r-oldrel-macos-arm64