Last updated on 2022-08-15 08:50:08 CEST.
Flavor | Version | Tinstall | Tcheck | Ttotal | Status | Flags |
---|---|---|---|---|---|---|
r-devel-linux-x86_64-debian-clang | 1.2.3 | 2.59 | 188.65 | 191.24 | OK | |
r-devel-linux-x86_64-debian-gcc | 1.2.3 | 3.29 | 137.48 | 140.77 | OK | |
r-devel-linux-x86_64-fedora-clang | 1.2.3 | 236.97 | OK | |||
r-devel-linux-x86_64-fedora-gcc | 1.2.3 | 251.43 | OK | |||
r-devel-windows-x86_64 | 1.2.3 | 35.00 | 213.00 | 248.00 | OK | |
r-patched-linux-x86_64 | 1.2.3 | 3.35 | 179.50 | 182.85 | OK | |
r-release-linux-x86_64 | 1.2.3 | 3.48 | 183.30 | 186.78 | OK | |
r-release-macos-arm64 | 1.2.3 | 69.00 | OK | |||
r-release-macos-x86_64 | 1.2.3 | 73.00 | NOTE | |||
r-release-windows-x86_64 | 1.2.3 | 18.00 | 222.00 | 240.00 | OK | |
r-oldrel-macos-arm64 | 1.2.3 | 62.00 | OK | |||
r-oldrel-macos-x86_64 | 1.2.3 | 61.00 | NOTE | |||
r-oldrel-windows-ix86+x86_64 | 1.2.3 | 10.00 | 228.00 | 238.00 | OK |
Version: 1.2.3
Check: package dependencies
Result: NOTE
Package suggested but not available for checking: ‘airway’
Flavors: r-release-macos-x86_64, r-oldrel-macos-x86_64