Last updated on 2022-08-15 08:50:08 CEST.
Flavor | Version | Tinstall | Tcheck | Ttotal | Status | Flags |
---|---|---|---|---|---|---|
r-devel-linux-x86_64-debian-clang | 4.2-16 | 13.80 | 124.53 | 138.33 | NOTE | |
r-devel-linux-x86_64-debian-gcc | 4.2-16 | 12.31 | 93.33 | 105.64 | NOTE | |
r-devel-linux-x86_64-fedora-clang | 4.2-16 | 177.09 | NOTE | |||
r-devel-linux-x86_64-fedora-gcc | 4.2-16 | 178.74 | NOTE | |||
r-devel-windows-x86_64 | 4.2-16 | 75.00 | 178.00 | 253.00 | NOTE | |
r-patched-linux-x86_64 | 4.2-16 | 19.35 | 117.19 | 136.54 | OK | |
r-release-linux-x86_64 | 4.2-16 | 16.05 | 118.12 | 134.17 | OK | |
r-release-macos-arm64 | 4.2-16 | 64.00 | NOTE | |||
r-release-macos-x86_64 | 4.2-16 | 72.00 | NOTE | |||
r-release-windows-x86_64 | 4.2-16 | 117.00 | 169.00 | 286.00 | NOTE | |
r-oldrel-macos-arm64 | 4.2-16 | 60.00 | NOTE | |||
r-oldrel-macos-x86_64 | 4.2-16 | 65.00 | NOTE | |||
r-oldrel-windows-ix86+x86_64 | 4.2-16 | 32.00 | 234.00 | 266.00 | NOTE |
Version: 4.2-16
Check: Rd files
Result: NOTE
checkRd: (-1) aaindex.Rd:525: Escaped LaTeX specials: \_
checkRd: (-1) aaindex.Rd:526: Escaped LaTeX specials: \_
checkRd: (-1) acnucopen.Rd:38: Escaped LaTeX specials: \_ \_ \_ \_ \_ \_
checkRd: (-1) acnucopen.Rd:39: Escaped LaTeX specials: \_
checkRd: (-1) read.alignment.Rd:47: Escaped LaTeX specials: \_ \_
checkRd: (-1) read.alignment.Rd:48: Escaped LaTeX specials: \_ \_
Flavors: r-devel-linux-x86_64-debian-clang, r-devel-linux-x86_64-debian-gcc, r-devel-linux-x86_64-fedora-clang, r-devel-linux-x86_64-fedora-gcc, r-devel-windows-x86_64
Version: 4.2-16
Check: installed package size
Result: NOTE
installed size is 5.4Mb
sub-directories of 1Mb or more:
data 1.4Mb
sequences 1.9Mb
Flavors: r-devel-linux-x86_64-fedora-clang, r-devel-windows-x86_64, r-release-macos-arm64, r-release-macos-x86_64, r-release-windows-x86_64, r-oldrel-macos-arm64, r-oldrel-macos-x86_64, r-oldrel-windows-ix86+x86_64