Last updated on 2022-08-15 08:50:08 CEST.
Flavor | Version | Tinstall | Tcheck | Ttotal | Status | Flags |
---|---|---|---|---|---|---|
r-devel-linux-x86_64-debian-clang | 8.4 | 109.28 | 38.58 | 147.86 | NOTE | |
r-devel-linux-x86_64-debian-gcc | 8.4 | 88.08 | 29.43 | 117.51 | WARN | |
r-devel-linux-x86_64-fedora-clang | 8.4 | 208.36 | NOTE | |||
r-devel-linux-x86_64-fedora-gcc | 8.4 | 212.01 | NOTE | |||
r-devel-windows-x86_64 | 8.4 | 343.00 | 104.00 | 447.00 | NOTE | |
r-patched-linux-x86_64 | 8.4 | 97.16 | 35.06 | 132.22 | NOTE | |
r-release-linux-x86_64 | 8.4 | 96.23 | 35.28 | 131.51 | NOTE | |
r-release-macos-arm64 | 8.4 | 71.00 | NOTE | |||
r-release-macos-x86_64 | 8.4 | 87.00 | NOTE | |||
r-release-windows-x86_64 | 8.4 | 356.00 | 109.00 | 465.00 | NOTE | |
r-oldrel-macos-arm64 | 8.4 | 85.00 | NOTE | |||
r-oldrel-macos-x86_64 | 8.4 | 107.00 | NOTE | |||
r-oldrel-windows-ix86+x86_64 | 8.4 | 553.00 | 109.00 | 662.00 | NOTE |
Version: 8.4
Check: for GNU extensions in Makefiles
Result: NOTE
GNU make is a SystemRequirements.
Flavors: r-devel-linux-x86_64-debian-clang, r-devel-linux-x86_64-debian-gcc, r-devel-linux-x86_64-fedora-clang, r-devel-linux-x86_64-fedora-gcc, r-devel-windows-x86_64, r-patched-linux-x86_64, r-release-linux-x86_64, r-release-macos-arm64, r-release-macos-x86_64, r-release-windows-x86_64, r-oldrel-macos-arm64, r-oldrel-macos-x86_64, r-oldrel-windows-ix86+x86_64
Version: 8.4
Check: whether package can be installed
Result: WARN
Found the following significant warnings:
BGenFile.cpp:12:55: warning: member ‘BGenFile::N’ is used uninitialized [-Wuninitialized]
Flavor: r-devel-linux-x86_64-debian-gcc
Version: 8.4
Check: installed package size
Result: NOTE
installed size is 19.0Mb
sub-directories of 1Mb or more:
libs 17.5Mb
Flavors: r-release-macos-arm64, r-release-macos-x86_64, r-oldrel-macos-arm64, r-oldrel-macos-x86_64, r-oldrel-windows-ix86+x86_64