Last updated on 2022-08-15 08:50:08 CEST.
Flavor | Version | Tinstall | Tcheck | Ttotal | Status | Flags |
---|---|---|---|---|---|---|
r-devel-linux-x86_64-debian-clang | 3.0.0 | 21.97 | 273.46 | 295.43 | OK | |
r-devel-linux-x86_64-debian-gcc | 3.0.0 | 13.83 | 192.77 | 206.60 | OK | |
r-devel-linux-x86_64-fedora-clang | 3.0.0 | 343.56 | OK | |||
r-devel-linux-x86_64-fedora-gcc | 3.0.0 | 363.56 | OK | |||
r-devel-windows-x86_64 | 3.0.0 | 37.00 | 270.00 | 307.00 | OK | |
r-patched-linux-x86_64 | 3.0.0 | 21.89 | 247.77 | 269.66 | OK | |
r-release-linux-x86_64 | 3.0.0 | 14.37 | 253.74 | 268.11 | OK | |
r-release-macos-arm64 | 3.0.0 | 6.00 | ERROR | |||
r-release-macos-x86_64 | 3.0.0 | 146.00 | OK | |||
r-release-windows-x86_64 | 3.0.0 | 27.00 | 272.00 | 299.00 | OK | |
r-oldrel-macos-arm64 | 3.0.0 | 10.00 | ERROR | |||
r-oldrel-macos-x86_64 | 3.0.0 | 109.00 | OK | |||
r-oldrel-windows-ix86+x86_64 | 3.0.0 | 42.00 | 284.00 | 326.00 | OK |
Version: 3.0.0
Check: package dependencies
Result: ERROR
Package required but not available: ‘copynumber’
See section ‘The DESCRIPTION file’ in the ‘Writing R Extensions’
manual.
Flavors: r-release-macos-arm64, r-oldrel-macos-arm64