Last updated on 2022-08-15 08:50:08 CEST.
Flavor | Version | Tinstall | Tcheck | Ttotal | Status | Flags |
---|---|---|---|---|---|---|
r-devel-linux-x86_64-debian-clang | 0.5-0 | 81.99 | 540.96 | 622.95 | OK | |
r-devel-linux-x86_64-debian-gcc | 0.5-0 | 63.18 | 441.53 | 504.71 | OK | |
r-devel-linux-x86_64-fedora-clang | 0.5-0 | 779.40 | OK | |||
r-devel-linux-x86_64-fedora-gcc | 0.5-0 | 855.98 | OK | |||
r-devel-windows-x86_64 | 0.5-0 | 78.00 | 550.00 | 628.00 | OK | |
r-patched-linux-x86_64 | 0.5-0 | 64.48 | 561.49 | 625.97 | OK | |
r-release-linux-x86_64 | 0.5-0 | 68.60 | 565.54 | 634.14 | OK | |
r-release-macos-arm64 | 0.5-0 | 245.00 | NOTE | |||
r-release-macos-x86_64 | 0.5-0 | 292.00 | NOTE | |||
r-release-windows-x86_64 | 0.5-0 | 80.00 | 484.00 | 564.00 | OK | |
r-oldrel-macos-arm64 | 0.5-0 | 280.00 | NOTE | |||
r-oldrel-macos-x86_64 | 0.5-0 | 283.00 | NOTE | |||
r-oldrel-windows-ix86+x86_64 | 0.5-0 | 163.00 | 586.00 | 749.00 | OK |
Version: 0.5-0
Check: installed package size
Result: NOTE
installed size is 17.2Mb
sub-directories of 1Mb or more:
libs 15.9Mb
Flavors: r-release-macos-arm64, r-release-macos-x86_64, r-oldrel-macos-arm64, r-oldrel-macos-x86_64