Last updated on 2022-08-15 08:50:08 CEST.
Flavor | Version | Tinstall | Tcheck | Ttotal | Status | Flags |
---|---|---|---|---|---|---|
r-devel-linux-x86_64-debian-clang | 1.1-13 | 7.78 | 81.99 | 89.77 | NOTE | |
r-devel-linux-x86_64-debian-gcc | 1.1-13 | 6.56 | 61.36 | 67.92 | NOTE | |
r-devel-linux-x86_64-fedora-clang | 1.1-13 | 121.21 | NOTE | |||
r-devel-linux-x86_64-fedora-gcc | 1.1-13 | 120.44 | NOTE | |||
r-devel-windows-x86_64 | 1.1-13 | 56.00 | 140.00 | 196.00 | NOTE | |
r-patched-linux-x86_64 | 1.1-13 | 11.34 | 75.59 | 86.93 | OK | |
r-release-linux-x86_64 | 1.1-13 | 8.01 | 75.84 | 83.85 | OK | |
r-release-macos-arm64 | 1.1-13 | 35.00 | OK | |||
r-release-macos-x86_64 | 1.1-13 | 52.00 | OK | |||
r-release-windows-x86_64 | 1.1-13 | 66.00 | 137.00 | 203.00 | OK | |
r-oldrel-macos-arm64 | 1.1-13 | 33.00 | NOTE | |||
r-oldrel-macos-x86_64 | 1.1-13 | 52.00 | OK | |||
r-oldrel-windows-ix86+x86_64 | 1.1-13 | 14.00 | 116.00 | 130.00 | OK |
Version: 1.1-13
Check: Rd files
Result: NOTE
checkRd: (-1) TA.plot.Rd:32: Escaped LaTeX specials: \~
checkRd: (-1) diagDA.Rd:51: Escaped LaTeX specials: \#
checkRd: (-1) hatMat.Rd:35: Escaped LaTeX specials: \&
Flavors: r-devel-linux-x86_64-debian-clang, r-devel-linux-x86_64-debian-gcc, r-devel-linux-x86_64-fedora-clang, r-devel-linux-x86_64-fedora-gcc, r-devel-windows-x86_64
Version: 1.1-13
Check: package dependencies
Result: NOTE
Package which this enhances but not available for checking: ‘polynom’
Flavor: r-oldrel-macos-arm64