Last updated on 2022-08-15 08:50:08 CEST.
Flavor | Version | Tinstall | Tcheck | Ttotal | Status | Flags |
---|---|---|---|---|---|---|
r-devel-linux-x86_64-debian-clang | 1.0-27 | 5.35 | 35.65 | 41.00 | OK | |
r-devel-linux-x86_64-debian-gcc | 1.0-27 | 3.56 | 27.28 | 30.84 | OK | |
r-devel-linux-x86_64-fedora-clang | 1.0-27 | 59.15 | NOTE | |||
r-devel-linux-x86_64-fedora-gcc | 1.0-27 | 61.24 | NOTE | |||
r-devel-windows-x86_64 | 1.0-27 | 27.00 | 63.00 | 90.00 | OK | |
r-patched-linux-x86_64 | 1.0-27 | 4.86 | 34.04 | 38.90 | OK | |
r-release-linux-x86_64 | 1.0-27 | 3.03 | 33.97 | 37.00 | OK | |
r-release-macos-arm64 | 1.0-27 | 20.00 | OK | |||
r-release-macos-x86_64 | 1.0-27 | 28.00 | OK | |||
r-release-windows-x86_64 | 1.0-27 | 11.00 | 63.00 | 74.00 | OK | |
r-oldrel-macos-arm64 | 1.0-27 | 26.00 | OK | |||
r-oldrel-macos-x86_64 | 1.0-27 | 43.00 | NOTE | |||
r-oldrel-windows-ix86+x86_64 | 1.0-27 | 9.00 | 50.00 | 59.00 | OK |
Version: 1.0-27
Check: Rd cross-references
Result: NOTE
Undeclared package ‘tripack’ in Rd xrefs
Flavor: r-devel-linux-x86_64-fedora-clang
Version: 1.0-27
Check: compiled code
Result: NOTE
File ‘sgeostat/libs/sgeostat.so’:
Found no calls to: ‘R_registerRoutines’, ‘R_useDynamicSymbols’
It is good practice to register native routines and to disable symbol
search.
See ‘Writing portable packages’ in the ‘Writing R Extensions’ manual.
Flavors: r-devel-linux-x86_64-fedora-clang, r-devel-linux-x86_64-fedora-gcc
Version: 1.0-27
Check: Rd cross-references
Result: NOTE
Package unavailable to check Rd xrefs: ‘tripack’
Flavor: r-oldrel-macos-x86_64