Last updated on 2022-08-15 08:50:08 CEST.
Flavor | Version | Tinstall | Tcheck | Ttotal | Status | Flags |
---|---|---|---|---|---|---|
r-devel-linux-x86_64-debian-clang | 0.7.1 | 30.10 | 325.36 | 355.46 | NOTE | |
r-devel-linux-x86_64-debian-gcc | 0.7.1 | 26.03 | 238.21 | 264.24 | NOTE | |
r-devel-linux-x86_64-fedora-clang | 0.7.1 | 417.01 | NOTE | |||
r-devel-linux-x86_64-fedora-gcc | 0.7.1 | 458.15 | NOTE | |||
r-devel-windows-x86_64 | 0.7.1 | 35.00 | 319.00 | 354.00 | NOTE | |
r-patched-linux-x86_64 | 0.7.1 | 28.43 | 312.43 | 340.86 | OK | |
r-release-linux-x86_64 | 0.7.1 | 25.90 | 310.13 | 336.03 | OK | |
r-release-macos-arm64 | 0.7.1 | 90.00 | OK | |||
r-release-macos-x86_64 | 0.7.1 | 130.00 | OK | |||
r-release-windows-x86_64 | 0.7.1 | 42.00 | 319.00 | 361.00 | OK | |
r-oldrel-macos-arm64 | 0.7.1 | 54.00 | OK | |||
r-oldrel-macos-x86_64 | 0.7.1 | 106.00 | OK | |||
r-oldrel-windows-ix86+x86_64 | 0.7.1 | 60.00 | 330.00 | 390.00 | OK |
Version: 0.7.1
Check: package subdirectories
Result: NOTE
Problems with news in 'NEWS.md':
Cannot extract version info from the following section titles:
Other ideas
Flavors: r-devel-linux-x86_64-debian-clang, r-devel-linux-x86_64-debian-gcc, r-devel-linux-x86_64-fedora-clang, r-devel-linux-x86_64-fedora-gcc, r-devel-windows-x86_64