Last updated on 2022-08-15 08:50:08 CEST.
Flavor | Version | Tinstall | Tcheck | Ttotal | Status | Flags |
---|---|---|---|---|---|---|
r-devel-linux-x86_64-debian-clang | 1.9 | 20.16 | 198.69 | 218.85 | NOTE | |
r-devel-linux-x86_64-debian-gcc | 1.9 | 17.75 | 143.40 | 161.15 | NOTE | |
r-devel-linux-x86_64-fedora-clang | 1.9 | 265.34 | NOTE | |||
r-devel-linux-x86_64-fedora-gcc | 1.9 | 272.13 | NOTE | |||
r-devel-windows-x86_64 | 1.9 | 85.00 | 212.00 | 297.00 | NOTE | |
r-patched-linux-x86_64 | 1.9 | 25.45 | 182.19 | 207.64 | NOTE | |
r-release-linux-x86_64 | 1.9 | 14.54 | 184.89 | 199.43 | NOTE | |
r-release-macos-arm64 | 1.9 | 116.00 | NOTE | |||
r-release-macos-x86_64 | 1.9 | 205.00 | NOTE | |||
r-release-windows-x86_64 | 1.9 | 108.00 | 206.00 | 314.00 | NOTE | |
r-oldrel-macos-arm64 | 1.9 | 115.00 | NOTE | |||
r-oldrel-macos-x86_64 | 1.9 | 158.00 | NOTE | |||
r-oldrel-windows-ix86+x86_64 | 1.9 | 52.00 | 210.00 | 262.00 | NOTE |
Version: 1.9
Check: package dependencies
Result: NOTE
Package suggested but not available for checking: 'hydromad'
Flavors: r-devel-linux-x86_64-debian-clang, r-devel-linux-x86_64-debian-gcc, r-devel-linux-x86_64-fedora-clang, r-devel-linux-x86_64-fedora-gcc, r-devel-windows-x86_64, r-patched-linux-x86_64, r-release-linux-x86_64, r-release-macos-arm64, r-release-macos-x86_64, r-release-windows-x86_64, r-oldrel-macos-arm64, r-oldrel-macos-x86_64, r-oldrel-windows-ix86+x86_64