Last updated on 2022-08-15 08:50:08 CEST.
Flavor | Version | Tinstall | Tcheck | Ttotal | Status | Flags |
---|---|---|---|---|---|---|
r-devel-linux-x86_64-debian-clang | 0.5.0 | 13.09 | 87.18 | 100.27 | NOTE | |
r-devel-linux-x86_64-debian-gcc | 0.5.0 | 9.91 | 65.44 | 75.35 | NOTE | |
r-devel-linux-x86_64-fedora-clang | 0.5.0 | 129.51 | NOTE | |||
r-devel-linux-x86_64-fedora-gcc | 0.5.0 | 134.66 | NOTE | |||
r-devel-windows-x86_64 | 0.5.0 | 66.00 | 111.00 | 177.00 | OK | |
r-patched-linux-x86_64 | 0.5.0 | 12.31 | 79.95 | 92.26 | OK | |
r-release-linux-x86_64 | 0.5.0 | 11.09 | 79.64 | 90.73 | OK | |
r-release-macos-arm64 | 0.5.0 | 40.00 | OK | |||
r-release-macos-x86_64 | 0.5.0 | 7.00 | ERROR | |||
r-release-windows-x86_64 | 0.5.0 | 79.00 | 112.00 | 191.00 | OK | |
r-oldrel-macos-arm64 | 0.5.0 | 33.00 | OK | |||
r-oldrel-macos-x86_64 | 0.5.0 | 50.00 | OK | |||
r-oldrel-windows-ix86+x86_64 | 0.5.0 | 27.00 | 103.00 | 130.00 | OK |
Version: 0.5.0
Check: HTML version of manual
Result: NOTE
Found the following HTML validation problems:
RegLogDBIConnector.html:55:6: Warning: missing </span> before <p>
RegLogDBIConnector.html:55:104: Warning: inserting implicit <span>
RegLogDBIConnector.html:58:6: Warning: missing </span> before <p>
RegLogDBIConnector.html:58:102: Warning: inserting implicit <span>
RegLogDBIConnector.html:61:6: Warning: missing </span> before <p>
RegLogDBIConnector.html:61:103: Warning: inserting implicit <span>
RegLogDBIConnector.html:55:6: Warning: trimming empty <span>
RegLogDBIConnector.html:58:6: Warning: trimming empty <span>
RegLogDBIConnector.html:61:6: Warning: trimming empty <span>
RegLogEmayiliConnector.html:67:6: Warning: missing </span> before <p>
RegLogEmayiliConnector.html:67:104: Warning: inserting implicit <span>
RegLogEmayiliConnector.html:70:6: Warning: missing </span> before <p>
RegLogEmayiliConnector.html:70:102: Warning: inserting implicit <span>
RegLogEmayiliConnector.html:73:6: Warning: missing </span> before <p>
RegLogEmayiliConnector.html:73:103: Warning: inserting implicit <span>
RegLogEmayiliConnector.html:67:6: Warning: trimming empty <span>
RegLogEmayiliConnector.html:70:6: Warning: trimming empty <span>
RegLogEmayiliConnector.html:73:6: Warning: trimming empty <span>
RegLogGmailrConnector.html:67:6: Warning: missing </span> before <p>
RegLogGmailrConnector.html:67:104: Warning: inserting implicit <span>
RegLogGmailrConnector.html:70:6: Warning: missing </span> before <p>
RegLogGmailrConnector.html:70:102: Warning: inserting implicit <span>
RegLogGmailrConnector.html:73:6: Warning: missing </span> before <p>
RegLogGmailrConnector.html:73:103: Warning: inserting implicit <span>
RegLogGmailrConnector.html:67:6: Warning: trimming empty <span>
RegLogGmailrConnector.html:70:6: Warning: trimming empty <span>
RegLogGmailrConnector.html:73:6: Warning: trimming empty <span>
RegLogGsheetConnector.html:55:6: Warning: missing </span> before <p>
RegLogGsheetConnector.html:55:104: Warning: inserting implicit <span>
RegLogGsheetConnector.html:58:6: Warning: missing </span> before <p>
RegLogGsheetConnector.html:58:102: Warning: inserting implicit <span>
RegLogGsheetConnector.html:61:6: Warning: missing </span> before <p>
RegLogGsheetConnector.html:61:103: Warning: inserting implicit <span>
RegLogGsheetConnector.html:55:6: Warning: trimming empty <span>
RegLogGsheetConnector.html:58:6: Warning: trimming empty <span>
RegLogGsheetConnector.html:61:6: Warning: trimming empty <span>
Flavors: r-devel-linux-x86_64-debian-clang, r-devel-linux-x86_64-debian-gcc, r-devel-linux-x86_64-fedora-clang, r-devel-linux-x86_64-fedora-gcc
Version: 0.5.0
Check: package dependencies
Result: ERROR
Package required but not available: ‘scrypt’
See section ‘The DESCRIPTION file’ in the ‘Writing R Extensions’
manual.
Flavor: r-release-macos-x86_64